Last updated on 2024-06-26 03:49:22 CEST.
Flavor | Version | Tinstall | Tcheck | Ttotal | Status | Flags |
---|---|---|---|---|---|---|
r-devel-linux-x86_64-debian-clang | 3.0.3 | OK | ||||
r-devel-linux-x86_64-debian-gcc | 3.0.3 | 26.90 | 59.08 | 85.98 | OK | |
r-devel-linux-x86_64-fedora-clang | 3.0.3 | 144.21 | NOTE | |||
r-devel-linux-x86_64-fedora-gcc | 3.0.3 | 155.85 | NOTE | |||
r-devel-windows-x86_64 | 3.0.3 | 26.00 | 80.00 | 106.00 | OK | |
r-patched-linux-x86_64 | 3.0.3 | 21.08 | 75.00 | 96.08 | OK | |
r-release-linux-x86_64 | 3.0.3 | 20.16 | 75.85 | 96.01 | OK | |
r-release-macos-arm64 | 3.0.3 | 57.00 | OK | |||
r-release-macos-x86_64 | 3.0.3 | 105.00 | OK | |||
r-release-windows-x86_64 | 3.0.3 | 27.00 | 81.00 | 108.00 | OK | |
r-oldrel-macos-arm64 | 3.0.3 | 60.00 | OK | |||
r-oldrel-macos-x86_64 | 3.0.3 | 82.00 | OK | |||
r-oldrel-windows-x86_64 | 3.0.3 | 37.00 | 87.00 | 124.00 | OK |
Version: 3.0.3
Check: dependencies in R code
Result: NOTE
Namespace in Imports field not imported from: ‘httr’
All declared Imports should be used.
Flavors: r-devel-linux-x86_64-fedora-clang, r-devel-linux-x86_64-fedora-gcc