Last updated on 2025-11-02 13:49:31 CET.
| Flavor | Version | Tinstall | Tcheck | Ttotal | Status | Flags |
|---|---|---|---|---|---|---|
| r-devel-linux-x86_64-debian-clang | 0.1.3 | 16.83 | 142.66 | 159.49 | OK | |
| r-devel-linux-x86_64-debian-gcc | 0.1.3 | 12.11 | 96.97 | 109.08 | OK | |
| r-devel-linux-x86_64-fedora-clang | 0.1.3 | 84.00 | 184.60 | 268.60 | OK | |
| r-devel-linux-x86_64-fedora-gcc | 0.1.3 | 40.00 | 197.15 | 237.15 | OK | |
| r-devel-windows-x86_64 | 0.1.3 | 20.00 | 134.00 | 154.00 | OK | |
| r-patched-linux-x86_64 | 0.1.3 | 17.75 | 132.47 | 150.22 | OK | |
| r-release-linux-x86_64 | 0.1.3 | 15.36 | 132.43 | 147.79 | OK | |
| r-release-macos-arm64 | 0.1.3 | 8.00 | 50.00 | 58.00 | OK | |
| r-release-macos-x86_64 | 0.1.3 | 16.00 | 91.00 | 107.00 | OK | |
| r-release-windows-x86_64 | 0.1.3 | 18.00 | 133.00 | 151.00 | OK | |
| r-oldrel-macos-arm64 | 0.1.3 | 7.00 | 52.00 | 59.00 | NOTE | |
| r-oldrel-macos-x86_64 | 0.1.3 | 16.00 | 97.00 | 113.00 | NOTE | |
| r-oldrel-windows-x86_64 | 0.1.3 | 30.00 | 175.00 | 205.00 | OK |
Version: 0.1.3
Check: package dependencies
Result: NOTE
Package suggested but not available for checking: ‘INLA’
Flavors: r-oldrel-macos-arm64, r-oldrel-macos-x86_64