Last updated on 2024-06-26 03:49:22 CEST.
Flavor | Version | Tinstall | Tcheck | Ttotal | Status | Flags |
---|---|---|---|---|---|---|
r-devel-linux-x86_64-debian-clang | 1.0-1 | OK | ||||
r-devel-linux-x86_64-debian-gcc | 1.0-1 | 22.11 | 45.39 | 67.50 | OK | |
r-devel-linux-x86_64-fedora-clang | 1.0-1 | 140.94 | OK | |||
r-devel-linux-x86_64-fedora-gcc | 1.0-1 | 144.58 | OK | |||
r-devel-windows-x86_64 | 1.0-1 | 27.00 | 96.00 | 123.00 | OK | |
r-patched-linux-x86_64 | 1.0-1 | 27.03 | 61.98 | 89.01 | OK | |
r-release-linux-x86_64 | 1.0-1 | 26.20 | 61.05 | 87.25 | OK | |
r-release-macos-arm64 | 1.0-1 | 36.00 | OK | |||
r-release-macos-x86_64 | 1.0-1 | 58.00 | WARN | |||
r-release-windows-x86_64 | 1.0-1 | 30.00 | 95.00 | 125.00 | OK | |
r-oldrel-macos-arm64 | 1.0-1 | 43.00 | OK | |||
r-oldrel-macos-x86_64 | 1.0-1 | 98.00 | OK | |||
r-oldrel-windows-x86_64 | 1.0-1 | 29.00 | 104.00 | 133.00 | OK |
Version: 1.0-1
Check: re-building of vignette outputs
Result: WARN
Error(s) in re-building vignettes:
...
--- re-building ‘BinSegBstrap.Rnw’ using knitr
Error: processing vignette 'BinSegBstrap.Rnw' failed with diagnostics:
Running 'texi2dvi' on 'BinSegBstrap.tex' failed.
LaTeX errors:
! Undefined control sequence.
l.109 \hlkwd{set.seed}\hldef
{(}\hlnum{1}\hldef{)}
?
! Emergency stop.
! Emergency stop.
l.109
End of file on the terminal!
! ==> Fatal error occurred, no output PDF file produced!
--- failed re-building ‘BinSegBstrap.Rnw’
SUMMARY: processing the following file failed:
‘BinSegBstrap.Rnw’
Error: Vignette re-building failed.
Execution halted
Flavor: r-release-macos-x86_64