Last updated on 2025-10-22 05:51:02 CEST.
Flavor | Version | Tinstall | Tcheck | Ttotal | Status | Flags |
---|---|---|---|---|---|---|
r-devel-linux-x86_64-debian-clang | 0.1.3 | 5.81 | 93.78 | 99.59 | NOTE | |
r-devel-linux-x86_64-debian-gcc | 0.1.3 | 4.50 | 63.03 | 67.53 | NOTE | |
r-devel-linux-x86_64-fedora-clang | 0.1.3 | 15.00 | 135.07 | 150.07 | OK | |
r-devel-linux-x86_64-fedora-gcc | 0.1.3 | 12.00 | 130.86 | 142.86 | OK | |
r-devel-windows-x86_64 | 0.1.3 | 7.00 | 88.00 | 95.00 | OK | |
r-patched-linux-x86_64 | 0.1.3 | 6.87 | 85.34 | 92.21 | OK | |
r-release-linux-x86_64 | 0.1.3 | 6.22 | 85.43 | 91.65 | OK | |
r-release-macos-arm64 | 0.1.3 | 3.00 | 39.00 | 42.00 | OK | |
r-release-macos-x86_64 | 0.1.3 | 5.00 | 69.00 | 74.00 | OK | |
r-release-windows-x86_64 | 0.1.3 | 8.00 | 87.00 | 95.00 | OK | |
r-oldrel-macos-arm64 | 0.1.3 | 3.00 | 36.00 | 39.00 | OK | |
r-oldrel-macos-x86_64 | 0.1.3 | 4.00 | 54.00 | 58.00 | OK | |
r-oldrel-windows-x86_64 | 0.1.3 | 11.00 | 117.00 | 128.00 | OK |
Version: 0.1.3
Check: HTML version of manual
Result: NOTE
Found the following HTML validation problems:
filter_40.html:85:1 (filter_40.Rd:35): Warning: missing </ul> before </div>
filter_cc.html:90:1 (filter_cc.Rd:38): Warning: missing </ul> before </div>
filter_n.html:70:1 (filter_n.Rd:22): Warning: missing </ul> before </div>
plot_16.html:66:1 (plot_16.Rd:20): Warning: missing </ul> before </div>
save_text.html:54:1 (save_text.Rd:14): Warning: missing </ul> before </div>
Flavors: r-devel-linux-x86_64-debian-clang, r-devel-linux-x86_64-debian-gcc