Last updated on 2024-06-29 06:49:39 CEST.
Flavor | Version | Tinstall | Tcheck | Ttotal | Status | Flags |
---|---|---|---|---|---|---|
r-devel-linux-x86_64-debian-clang | 1.0.0 | 83.37 | 135.47 | 218.84 | OK | |
r-devel-linux-x86_64-debian-gcc | 1.0.0 | 59.79 | 99.10 | 158.89 | OK | |
r-devel-linux-x86_64-fedora-clang | 1.0.0 | 288.81 | OK | |||
r-devel-linux-x86_64-fedora-gcc | 1.0.0 | 309.02 | OK | |||
r-devel-windows-x86_64 | 1.0.0 | 68.00 | 128.00 | 196.00 | OK | |
r-patched-linux-x86_64 | 1.0.0 | 68.43 | 126.08 | 194.51 | OK | |
r-release-linux-x86_64 | 1.0.0 | 70.95 | 129.55 | 200.50 | OK | |
r-release-macos-arm64 | 1.0.0 | 80.00 | NOTE | |||
r-release-macos-x86_64 | 1.0.0 | 139.00 | NOTE | |||
r-release-windows-x86_64 | 1.0.0 | 67.00 | 131.00 | 198.00 | OK | |
r-oldrel-macos-arm64 | 1.0.0 | 85.00 | NOTE | |||
r-oldrel-macos-x86_64 | 1.0.0 | 146.00 | NOTE | |||
r-oldrel-windows-x86_64 | 1.0.0 | 81.00 | 160.00 | 241.00 | OK |
Version: 1.0.0
Check: installed package size
Result: NOTE
installed size is 5.4Mb
sub-directories of 1Mb or more:
libs 4.2Mb
Flavors: r-release-macos-arm64, r-release-macos-x86_64, r-oldrel-macos-arm64, r-oldrel-macos-x86_64