Last updated on 2025-10-22 05:51:06 CEST.
Flavor | Version | Tinstall | Tcheck | Ttotal | Status | Flags |
---|---|---|---|---|---|---|
r-devel-linux-x86_64-debian-clang | 3.0.1 | 6.33 | 62.40 | 68.73 | NOTE | |
r-devel-linux-x86_64-debian-gcc | 3.0.1 | 4.66 | 47.58 | 52.24 | NOTE | |
r-devel-linux-x86_64-fedora-clang | 3.0.1 | 16.00 | 89.38 | 105.38 | OK | |
r-devel-linux-x86_64-fedora-gcc | 3.0.1 | 13.00 | 171.57 | 184.57 | OK | |
r-devel-windows-x86_64 | 3.0.1 | 9.00 | 76.00 | 85.00 | OK | |
r-patched-linux-x86_64 | 3.0.1 | 6.90 | 58.84 | 65.74 | OK | |
r-release-linux-x86_64 | 3.0.1 | 6.60 | 58.80 | 65.40 | OK | |
r-release-macos-arm64 | 3.0.1 | 3.00 | 64.00 | 67.00 | OK | |
r-release-macos-x86_64 | 3.0.1 | 6.00 | 132.00 | 138.00 | OK | |
r-release-windows-x86_64 | 3.0.1 | 9.00 | 81.00 | 90.00 | OK | |
r-oldrel-macos-arm64 | 3.0.1 | 3.00 | 71.00 | 74.00 | NOTE | |
r-oldrel-macos-x86_64 | 3.0.1 | 7.00 | 159.00 | 166.00 | NOTE | |
r-oldrel-windows-x86_64 | 3.0.1 | 11.00 | 95.00 | 106.00 | NOTE |
Version: 3.0.1
Check: HTML version of manual
Result: NOTE
Found the following HTML validation problems:
dsAggregate-ArmadilloConnection-method.html:60:1 (dsAggregate-ArmadilloConnection-method.Rd:17): Warning: missing </ul> before </div>
dsRmSymbol-ArmadilloConnection-method.html:53:1 (dsRmSymbol-ArmadilloConnection-method.Rd:12): Warning: missing </ul> before </div>
dsRmWorkspace-ArmadilloConnection-method.html:51:1 (dsRmWorkspace-ArmadilloConnection-method.Rd:12): Warning: missing </ul> before </div>
dsSaveWorkspace-ArmadilloConnection-method.html:51:1 (dsSaveWorkspace-ArmadilloConnection-method.Rd:12): Warning: missing </ul> before </div>
Flavors: r-devel-linux-x86_64-debian-clang, r-devel-linux-x86_64-debian-gcc
Version: 3.0.1
Check: package dependencies
Result: NOTE
Package suggested but not available for checking: ‘dsBaseClient’
Flavors: r-oldrel-macos-arm64, r-oldrel-macos-x86_64, r-oldrel-windows-x86_64