Last updated on 2024-06-26 03:49:24 CEST.
Flavor | Version | Tinstall | Tcheck | Ttotal | Status | Flags |
---|---|---|---|---|---|---|
r-devel-linux-x86_64-debian-clang | 1.1.0 | OK | ||||
r-devel-linux-x86_64-debian-gcc | 1.1.0 | 28.84 | 37.68 | 66.52 | OK | |
r-devel-linux-x86_64-fedora-clang | 1.1.0 | 117.39 | OK | |||
r-devel-linux-x86_64-fedora-gcc | 1.1.0 | 126.96 | OK | |||
r-devel-windows-x86_64 | 1.1.0 | 30.00 | 73.00 | 103.00 | OK | |
r-patched-linux-x86_64 | 1.1.0 | 33.88 | 49.50 | 83.38 | OK | |
r-release-linux-x86_64 | 1.1.0 | 35.56 | 49.71 | 85.27 | OK | |
r-release-macos-arm64 | 1.1.0 | 37.00 | NOTE | |||
r-release-macos-x86_64 | 1.1.0 | 50.00 | NOTE | |||
r-release-windows-x86_64 | 1.1.0 | 30.00 | 78.00 | 108.00 | OK | |
r-oldrel-macos-arm64 | 1.1.0 | 39.00 | NOTE | |||
r-oldrel-macos-x86_64 | 1.1.0 | 99.00 | NOTE | |||
r-oldrel-windows-x86_64 | 1.1.0 | 37.00 | 86.00 | 123.00 | OK |
Version: 1.1.0
Check: installed package size
Result: NOTE
installed size is 13.2Mb
sub-directories of 1Mb or more:
libs 13.1Mb
Flavors: r-release-macos-arm64, r-release-macos-x86_64, r-oldrel-macos-arm64, r-oldrel-macos-x86_64