Last updated on 2025-07-20 11:49:59 CEST.
Flavor | Version | Tinstall | Tcheck | Ttotal | Status | Flags |
---|---|---|---|---|---|---|
r-devel-linux-x86_64-debian-clang | 0.1.5 | 5.22 | 48.27 | 53.49 | NOTE | |
r-devel-linux-x86_64-debian-gcc | 0.1.5 | 3.53 | 38.34 | 41.87 | NOTE | |
r-devel-linux-x86_64-fedora-clang | 0.1.5 | 89.26 | NOTE | |||
r-devel-linux-x86_64-fedora-gcc | 0.1.5 | 94.08 | NOTE | |||
r-devel-windows-x86_64 | 0.1.5 | 7.00 | 69.00 | 76.00 | NOTE | |
r-patched-linux-x86_64 | 0.1.5 | 4.74 | 46.17 | 50.91 | NOTE | |
r-release-linux-x86_64 | 0.1.5 | 5.36 | 45.59 | 50.95 | NOTE | |
r-release-macos-arm64 | 0.1.5 | 58.00 | NOTE | |||
r-release-macos-x86_64 | 0.1.5 | 71.00 | NOTE | |||
r-release-windows-x86_64 | 0.1.5 | 6.00 | 68.00 | 74.00 | NOTE | |
r-oldrel-macos-arm64 | 0.1.5 | 43.00 | NOTE | |||
r-oldrel-macos-x86_64 | 0.1.5 | 60.00 | NOTE | |||
r-oldrel-windows-x86_64 | 0.1.5 | 9.00 | 81.00 | 90.00 | NOTE |
Version: 0.1.5
Check: Rd files
Result: NOTE
checkRd: (-1) data_edit.Rd:137: Lost braces
137 | code{data_edit} is a shiny application built on \code{rhandsontable} that is
| ^
Flavors: r-devel-linux-x86_64-debian-clang, r-devel-linux-x86_64-debian-gcc, r-devel-linux-x86_64-fedora-clang, r-devel-linux-x86_64-fedora-gcc, r-devel-windows-x86_64, r-patched-linux-x86_64, r-release-linux-x86_64, r-release-macos-arm64, r-release-macos-x86_64, r-release-windows-x86_64, r-oldrel-macos-arm64, r-oldrel-macos-x86_64, r-oldrel-windows-x86_64