Last updated on 2025-10-22 05:51:05 CEST.
Flavor | Version | Tinstall | Tcheck | Ttotal | Status | Flags |
---|---|---|---|---|---|---|
r-devel-linux-x86_64-debian-clang | 0.1.0 | 2.85 | 25.17 | 28.02 | NOTE | |
r-devel-linux-x86_64-debian-gcc | 0.1.0 | 2.09 | 20.36 | 22.45 | NOTE | |
r-devel-linux-x86_64-fedora-clang | 0.1.0 | 39.81 | NOTE | |||
r-devel-linux-x86_64-fedora-gcc | 0.1.0 | 38.21 | NOTE | |||
r-devel-windows-x86_64 | 0.1.0 | 5.00 | 47.00 | 52.00 | OK | |
r-patched-linux-x86_64 | 0.1.0 | 3.12 | 23.16 | 26.28 | OK | |
r-release-linux-x86_64 | 0.1.0 | 2.74 | 22.51 | 25.25 | OK | |
r-release-macos-arm64 | 0.1.0 | 2.00 | 18.00 | 20.00 | OK | |
r-release-macos-x86_64 | 0.1.0 | 3.00 | 32.00 | 35.00 | OK | |
r-release-windows-x86_64 | 0.1.0 | 6.00 | 47.00 | 53.00 | OK | |
r-oldrel-macos-arm64 | 0.1.0 | 1.00 | 17.00 | 18.00 | NOTE | |
r-oldrel-macos-x86_64 | 0.1.0 | 2.00 | 21.00 | 23.00 | NOTE | |
r-oldrel-windows-x86_64 | 0.1.0 | 6.00 | 54.00 | 60.00 | NOTE |
Version: 0.1.0
Check: HTML version of manual
Result: NOTE
Found the following HTML validation problems:
Dict.html:196:1 (Dict.Rd:170): Warning: <h5> anchor "Usage" already defined
Dict.html:202:1 (Dict.Rd:174): Warning: <h5> anchor "Arguments" already defined
Dict.html:215:1 (Dict.Rd:181): Warning: <h5> anchor "Returns" already defined
Dict.html:222:1 (Dict.Rd:184): Warning: <h5> anchor "Examples" already defined
Dict.html:241:1 (Dict.Rd:198): Warning: <h5> anchor "Usage" already defined
Dict.html:247:1 (Dict.Rd:202): Warning: <h5> anchor "Arguments" already defined
Dict.html:262:1 (Dict.Rd:211): Warning: <h5> anchor "Returns" already defined
Dict.html:269:1 (Dict.Rd:214): Warning: <h5> anchor "Examples" already defined
Dict.html:289:1 (Dict.Rd:229): Warning: <h5> anchor "Usage" already defined
Dict.html:295:1 (Dict.Rd:233): Warning: <h5> anchor "Arguments" already defined
Dict.html:308:1 (Dict.Rd:240): Warning: <h5> anchor "Returns" already defined
Dict.html:315:1 (Dict.Rd:243): Warning: <h5> anchor "Examples" already defined
Dict.html:334:1 (Dict.Rd:257): Warning: <h5> anchor "Usage" already defined
Dict.html:340:1 (Dict.Rd:261): Warning: <h5> anchor "Arguments" already defined
Dict.html:357:1 (Dict.Rd:272): Warning: <h5> anchor "Returns" already defined
Dict.html:364:1 (Dict.Rd:275): Warning: <h5> anchor "Examples" already defined
Dict.html:387:1 (Dict.Rd:293): Warning: <h5> anchor "Usage" already defined
Dict.html:393:1 (Dict.Rd:297): Warning: <h5> anchor "Arguments" already defined
Dict.html:406:1 (Dict.Rd:304): Warning: <h5> anchor "Returns" already defined
Dict.html:413:1 (Dict.Rd:307): Warning: <h5> anchor "Examples" already defined
Dict.html:432:1 (Dict.Rd:321): Warning: <h5> anchor "Usage" already defined
Dict.html:438:1 (Dict.Rd:325): Warning: <h5> anchor "Arguments" already defined
Dict.html:452:1 (Dict.Rd:333): Warning: <h5> anchor "Returns" already defined
Dict.html:459:1 (Dict.Rd:336): Warning: <h5> anchor "Examples" already defined
Dict.html:478:1 (Dict.Rd:350): Warning: <h5> anchor "Usage" already defined
Dict.html:484:1 (Dict.Rd:354): Warning: <h5> anchor "Returns" already defined
Dict.html:491:1 (Dict.Rd:357): Warning: <h5> anchor "Examples" already defined
Dict.html:510:1 (Dict.Rd:371): Warning: <h5> anchor "Usage" already defined
Dict.html:516:1 (Dict.Rd:375): Warning: <h5> anchor "Arguments" already defined
Flavors: r-devel-linux-x86_64-debian-clang, r-devel-linux-x86_64-debian-gcc
Version: 0.1.0
Check: dependencies in R code
Result: NOTE
Namespaces in Imports field not imported from:
‘R6’ ‘dplyr’ ‘purrr’
All declared Imports should be used.
Flavors: r-devel-linux-x86_64-fedora-clang, r-devel-linux-x86_64-fedora-gcc
Version: 0.1.0
Check: LazyData
Result: NOTE
'LazyData' is specified without a 'data' directory
Flavors: r-oldrel-macos-arm64, r-oldrel-macos-x86_64, r-oldrel-windows-x86_64