Last updated on 2024-06-15 05:49:09 CEST.
Flavor | Version | Tinstall | Tcheck | Ttotal | Status | Flags |
---|---|---|---|---|---|---|
r-devel-linux-x86_64-debian-clang | 0.12 | 17.89 | 145.57 | 163.46 | OK | |
r-devel-linux-x86_64-debian-gcc | 0.12 | 15.52 | 104.65 | 120.17 | OK | |
r-devel-linux-x86_64-fedora-clang | 0.12 | 209.75 | OK | |||
r-devel-linux-x86_64-fedora-gcc | 0.12 | 197.30 | OK | |||
r-devel-windows-x86_64 | 0.12 | 18.00 | 143.00 | 161.00 | OK | |
r-patched-linux-x86_64 | 0.12 | 21.03 | 141.12 | 162.15 | OK | |
r-release-linux-x86_64 | 0.12 | 19.61 | 141.16 | 160.77 | OK | |
r-release-macos-arm64 | 0.12 | 52.00 | OK | |||
r-release-macos-x86_64 | 0.12 | 80.00 | OK | |||
r-release-windows-x86_64 | 0.12 | 20.00 | 18.00 | 38.00 | FAIL | |
r-oldrel-macos-arm64 | 0.12 | 55.00 | OK | |||
r-oldrel-macos-x86_64 | 0.12 | 97.00 | NOTE | |||
r-oldrel-windows-x86_64 | 0.12 | 23.00 | 181.00 | 204.00 | OK |
Version: 0.12
Check: loading without being on the library search path
Result: FAIL
Flavor: r-release-windows-x86_64
Version: 0.12
Check: package dependencies
Result: NOTE
Package suggested but not available for checking: ‘PerformanceAnalytics’
Flavor: r-oldrel-macos-x86_64