Last updated on 2025-10-22 05:51:06 CEST.
Flavor | Version | Tinstall | Tcheck | Ttotal | Status | Flags |
---|---|---|---|---|---|---|
r-devel-linux-x86_64-debian-clang | 0.2.2 | 49.58 | 48.89 | 98.47 | WARN | |
r-devel-linux-x86_64-debian-gcc | 0.2.2 | 29.17 | 37.84 | 67.01 | WARN | |
r-devel-linux-x86_64-fedora-clang | 0.2.2 | 82.00 | 111.91 | 193.91 | NOTE | |
r-devel-linux-x86_64-fedora-gcc | 0.2.2 | 45.00 | 131.29 | 176.29 | NOTE | |
r-devel-windows-x86_64 | 0.2.2 | 63.00 | 109.00 | 172.00 | NOTE | |
r-patched-linux-x86_64 | 0.2.2 | 45.58 | 47.34 | 92.92 | NOTE | |
r-release-linux-x86_64 | 0.2.2 | 48.61 | 47.22 | 95.83 | NOTE | |
r-release-macos-arm64 | 0.2.2 | 21.00 | 49.00 | 70.00 | NOTE | |
r-release-macos-x86_64 | 0.2.2 | 26.00 | 79.00 | 105.00 | NOTE | |
r-release-windows-x86_64 | 0.2.2 | 62.00 | 110.00 | 172.00 | NOTE | |
r-oldrel-macos-arm64 | 0.2.2 | 19.00 | 32.00 | 51.00 | NOTE | |
r-oldrel-macos-x86_64 | 0.2.2 | 30.00 | 91.00 | 121.00 | NOTE | |
r-oldrel-windows-x86_64 | 0.2.2 | 78.00 | 127.00 | 205.00 | NOTE |
Version: 0.2.2
Check: whether package can be installed
Result: WARN
Found the following significant warnings:
/home/hornik/tmp/R.check/r-devel-clang/Work/build/Packages/RcppArmadillo/include/RcppArmadillo/version/arma.h:66:17: warning: Using fallback compilation with Armadillo 14.6.3. Please consider defining -DARMA_USE_CURRENT and also removing C++11 compilation directive. See GitHub issue #475 for more. [-W#pragma-messages]
See ‘/home/hornik/tmp/R.check/r-devel-clang/Work/PKGS/DtD.Rcheck/00install.out’ for details.
* used C compiler: ‘Debian clang version 19.1.7 (7)’
* used C++ compiler: ‘Debian clang version 19.1.7 (7)’
Flavor: r-devel-linux-x86_64-debian-clang
Version: 0.2.2
Check: C++ specification
Result: NOTE
Specified C++11: please drop specification unless essential
Flavors: r-devel-linux-x86_64-debian-clang, r-devel-linux-x86_64-debian-gcc, r-devel-linux-x86_64-fedora-clang, r-devel-linux-x86_64-fedora-gcc, r-devel-windows-x86_64, r-patched-linux-x86_64, r-release-linux-x86_64, r-release-macos-arm64, r-release-macos-x86_64, r-release-windows-x86_64, r-oldrel-macos-arm64, r-oldrel-macos-x86_64, r-oldrel-windows-x86_64
Version: 0.2.2
Check: whether package can be installed
Result: WARN
Found the following significant warnings:
/home/hornik/tmp/R.check/r-devel-gcc/Work/build/Packages/RcppArmadillo/include/RcppArmadillo/version/arma.h:66:199: note: ‘#pragma message: Using fallback compilation with Armadillo 14.6.3. Please consider defining -DARMA_USE_CURRENT and also removing C++11 compilation directive. See GitHub issue #475 for more.’
See ‘/home/hornik/tmp/R.check/r-devel-gcc/Work/PKGS/DtD.Rcheck/00install.out’ for details.
* used C compiler: ‘gcc-15 (Debian 15.2.0-4) 15.2.0’
* used C++ compiler: ‘g++-15 (Debian 15.2.0-4) 15.2.0’
Flavor: r-devel-linux-x86_64-debian-gcc
Version: 0.2.2
Check: LazyData
Result: NOTE
'LazyData' is specified without a 'data' directory
Flavors: r-oldrel-macos-arm64, r-oldrel-macos-x86_64, r-oldrel-windows-x86_64