Last updated on 2025-10-24 04:50:52 CEST.
| Flavor | Version | Tinstall | Tcheck | Ttotal | Status | Flags |
|---|---|---|---|---|---|---|
| r-devel-linux-x86_64-debian-clang | 0.3.0 | 13.40 | 102.70 | 116.10 | NOTE | |
| r-devel-linux-x86_64-debian-gcc | 0.3.0 | 11.20 | 73.89 | 85.09 | NOTE | |
| r-devel-linux-x86_64-fedora-clang | 0.3.0 | 31.00 | 140.25 | 171.25 | OK | |
| r-devel-linux-x86_64-fedora-gcc | 0.3.0 | 32.00 | 134.56 | 166.56 | OK | |
| r-devel-windows-x86_64 | 0.3.0 | 16.00 | 99.00 | 115.00 | OK | |
| r-patched-linux-x86_64 | 0.3.0 | 12.84 | 94.08 | 106.92 | OK | |
| r-release-linux-x86_64 | 0.3.0 | 11.76 | 94.01 | 105.77 | OK | |
| r-release-macos-arm64 | 0.3.0 | 5.00 | 42.00 | 47.00 | OK | |
| r-release-macos-x86_64 | 0.3.0 | 10.00 | 68.00 | 78.00 | OK | |
| r-release-windows-x86_64 | 0.3.0 | 16.00 | 104.00 | 120.00 | OK | |
| r-oldrel-macos-arm64 | 0.3.0 | 6.00 | 41.00 | 47.00 | OK | |
| r-oldrel-macos-x86_64 | 0.3.0 | 9.00 | 58.00 | 67.00 | OK | |
| r-oldrel-windows-x86_64 | 0.3.0 | 22.00 | 148.00 | 170.00 | OK |
Version: 0.3.0
Check: CRAN incoming feasibility
Result: NOTE
Maintainer: ‘Sowmya Chandrasekaran <sowzz.17@gmail.com>’
Package CITATION file contains call(s) to old-style personList() or
as.personList(). Please use c() on person objects instead.
Flavors: r-devel-linux-x86_64-debian-clang, r-devel-linux-x86_64-debian-gcc