Last updated on 2024-06-26 03:49:25 CEST.
Flavor | Version | Tinstall | Tcheck | Ttotal | Status | Flags |
---|---|---|---|---|---|---|
r-devel-linux-x86_64-debian-clang | 0.1 | NOTE | ||||
r-devel-linux-x86_64-debian-gcc | 0.1 | 2.32 | 27.45 | 29.77 | NOTE | |
r-devel-linux-x86_64-fedora-clang | 0.1 | 48.06 | NOTE | |||
r-devel-linux-x86_64-fedora-gcc | 0.1 | 45.36 | NOTE | |||
r-devel-windows-x86_64 | 0.1 | 4.00 | 47.00 | 51.00 | NOTE | |
r-patched-linux-x86_64 | 0.1 | 2.59 | 35.05 | 37.64 | NOTE | |
r-release-linux-x86_64 | 0.1 | 2.43 | 34.28 | 36.71 | NOTE | |
r-release-macos-arm64 | 0.1 | 15.00 | NOTE | |||
r-release-macos-x86_64 | 0.1 | 25.00 | NOTE | |||
r-release-windows-x86_64 | 0.1 | 3.00 | 47.00 | 50.00 | NOTE | |
r-oldrel-macos-arm64 | 0.1 | 17.00 | NOTE | |||
r-oldrel-macos-x86_64 | 0.1 | 26.00 | NOTE | |||
r-oldrel-windows-x86_64 | 0.1 | 4.00 | 52.00 | 56.00 | NOTE |
Version: 0.1
Check: LazyData
Result: NOTE
'LazyData' is specified without a 'data' directory
Flavors: r-devel-linux-x86_64-debian-clang, r-devel-linux-x86_64-debian-gcc, r-devel-linux-x86_64-fedora-clang, r-devel-linux-x86_64-fedora-gcc, r-devel-windows-x86_64, r-patched-linux-x86_64, r-release-linux-x86_64, r-release-macos-arm64, r-release-macos-x86_64, r-release-windows-x86_64, r-oldrel-macos-arm64, r-oldrel-macos-x86_64, r-oldrel-windows-x86_64