Last updated on 2024-06-26 03:49:26 CEST.
Flavor | Version | Tinstall | Tcheck | Ttotal | Status | Flags |
---|---|---|---|---|---|---|
r-devel-linux-x86_64-debian-clang | 1.1.4 | OK | ||||
r-devel-linux-x86_64-debian-gcc | 1.1.4 | 182.53 | 71.36 | 253.89 | OK | |
r-devel-linux-x86_64-fedora-clang | 1.1.4 | 483.13 | OK | |||
r-devel-linux-x86_64-fedora-gcc | 1.1.4 | 557.16 | OK | |||
r-devel-windows-x86_64 | 1.1.4 | 195.00 | 123.00 | 318.00 | NOTE | |
r-patched-linux-x86_64 | 1.1.4 | 239.78 | 96.59 | 336.37 | OK | |
r-release-linux-x86_64 | 1.1.4 | 240.65 | 95.96 | 336.61 | OK | |
r-release-macos-arm64 | 1.1.4 | 97.00 | NOTE | |||
r-release-macos-x86_64 | 1.1.4 | 107.00 | NOTE | |||
r-release-windows-x86_64 | 1.1.4 | 203.00 | 124.00 | 327.00 | NOTE | |
r-oldrel-macos-arm64 | 1.1.4 | 120.00 | NOTE | |||
r-oldrel-macos-x86_64 | 1.1.4 | 213.00 | NOTE | |||
r-oldrel-windows-x86_64 | 1.1.4 | 239.00 | 149.00 | 388.00 | NOTE |
Version: 1.1.4
Check: installed package size
Result: NOTE
installed size is 5.7Mb
sub-directories of 1Mb or more:
lib 3.0Mb
libs 2.3Mb
Flavors: r-devel-windows-x86_64, r-release-macos-arm64, r-release-macos-x86_64, r-release-windows-x86_64, r-oldrel-macos-arm64, r-oldrel-macos-x86_64, r-oldrel-windows-x86_64