Last updated on 2025-10-08 10:49:39 CEST.
Flavor | Version | Tinstall | Tcheck | Ttotal | Status | Flags |
---|---|---|---|---|---|---|
r-devel-linux-x86_64-debian-clang | 0.2.1 | 18.47 | 109.80 | 128.27 | NOTE | |
r-devel-linux-x86_64-debian-gcc | 0.2.1 | 12.33 | 72.59 | 84.92 | NOTE | |
r-devel-linux-x86_64-fedora-clang | 0.2.1 | 196.06 | OK | |||
r-devel-linux-x86_64-fedora-gcc | 0.2.1 | 207.49 | OK | |||
r-devel-windows-x86_64 | 0.2.1 | 18.00 | 219.00 | 237.00 | OK | |
r-patched-linux-x86_64 | 0.2.1 | 20.71 | 104.35 | 125.06 | OK | |
r-release-linux-x86_64 | 0.2.1 | 18.76 | 106.12 | 124.88 | OK | |
r-release-macos-arm64 | 0.2.1 | 53.00 | OK | |||
r-release-macos-x86_64 | 0.2.1 | 111.00 | OK | |||
r-release-windows-x86_64 | 0.2.1 | 18.00 | 246.00 | 264.00 | OK | |
r-oldrel-macos-arm64 | 0.2.1 | 51.00 | OK | |||
r-oldrel-macos-x86_64 | 0.2.1 | 98.00 | OK | |||
r-oldrel-windows-x86_64 | 0.2.1 | 18.00 | 149.00 | 167.00 | OK |
Version: 0.2.1
Check: CRAN incoming feasibility
Result: NOTE
Maintainer: ‘David Molina <dmolinam@ugr.es>’
No Authors@R field in DESCRIPTION.
Please add one, modifying
Authors@R: c(person(given = "Antonio",
family = "Arcos",
role = "aut",
email = "arcos@ugr.es"),
person(given = c("Maria", "del", "Mar"),
family = "Rueda",
role = "aut",
email = "mrueda@ugr.es"),
person(given = c("Maria", "Giovanna"),
family = "Ranalli",
role = "aut",
email = "giovanna.ranalli@stat.unipg.it"),
person(given = "David",
family = "Molina",
role = c("aut", "cre"),
email = "dmolinam@ugr.es"))
as necessary.
Flavors: r-devel-linux-x86_64-debian-clang, r-devel-linux-x86_64-debian-gcc