Last updated on 2024-06-29 06:49:42 CEST.
Flavor | Version | Tinstall | Tcheck | Ttotal | Status | Flags |
---|---|---|---|---|---|---|
r-devel-linux-x86_64-debian-clang | 2.0.0 | 108.62 | 65.86 | 174.48 | OK | |
r-devel-linux-x86_64-debian-gcc | 2.0.0 | 95.74 | 49.59 | 145.33 | OK | |
r-devel-linux-x86_64-fedora-clang | 2.0.0 | 220.03 | OK | |||
r-devel-linux-x86_64-fedora-gcc | 2.0.0 | 300.52 | OK | |||
r-devel-windows-x86_64 | 2.0.0 | 82.00 | 88.00 | 170.00 | NOTE | |
r-patched-linux-x86_64 | 2.0.0 | 81.45 | 65.53 | 146.98 | OK | |
r-release-linux-x86_64 | 2.0.0 | 87.26 | 66.48 | 153.74 | OK | |
r-release-macos-arm64 | 2.0.0 | 61.00 | NOTE | |||
r-release-macos-x86_64 | 2.0.0 | 104.00 | NOTE | |||
r-release-windows-x86_64 | 2.0.0 | 80.00 | 91.00 | 171.00 | NOTE | |
r-oldrel-macos-arm64 | 2.0.0 | 59.00 | NOTE | |||
r-oldrel-macos-x86_64 | 2.0.0 | 137.00 | NOTE | |||
r-oldrel-windows-x86_64 | 2.0.0 | 107.00 | 108.00 | 215.00 | NOTE |
Version: 2.0.0
Check: installed package size
Result: NOTE
installed size is 13.5Mb
sub-directories of 1Mb or more:
libs 12.8Mb
Flavors: r-devel-windows-x86_64, r-release-macos-arm64, r-release-macos-x86_64, r-release-windows-x86_64, r-oldrel-macos-arm64, r-oldrel-macos-x86_64, r-oldrel-windows-x86_64