Last updated on 2025-11-03 07:48:41 CET.
| Flavor | Version | Tinstall | Tcheck | Ttotal | Status | Flags |
|---|---|---|---|---|---|---|
| r-devel-linux-x86_64-debian-clang | 0.1.2 | 1.85 | 25.96 | 27.81 | NOTE | |
| r-devel-linux-x86_64-debian-gcc | 0.1.2 | 1.54 | 21.31 | 22.85 | NOTE | |
| r-devel-linux-x86_64-fedora-clang | 0.1.2 | 42.88 | OK | |||
| r-devel-linux-x86_64-fedora-gcc | 0.1.2 | 58.49 | OK | |||
| r-devel-windows-x86_64 | 0.1.2 | 3.00 | 44.00 | 47.00 | OK | |
| r-patched-linux-x86_64 | 0.1.2 | 1.95 | 23.51 | 25.46 | OK | |
| r-release-linux-x86_64 | 0.1.2 | 1.75 | 23.42 | 25.17 | OK | |
| r-release-macos-arm64 | 0.1.2 | 1.00 | 25.00 | 26.00 | OK | |
| r-release-macos-x86_64 | 0.1.2 | 2.00 | 42.00 | 44.00 | OK | |
| r-release-windows-x86_64 | 0.1.2 | 3.00 | 45.00 | 48.00 | OK | |
| r-oldrel-macos-arm64 | 0.1.2 | 1.00 | 23.00 | 24.00 | OK | |
| r-oldrel-macos-x86_64 | 0.1.2 | 2.00 | 33.00 | 35.00 | OK | |
| r-oldrel-windows-x86_64 | 0.1.2 | 4.00 | 52.00 | 56.00 | OK |
Version: 0.1.2
Check: CRAN incoming feasibility
Result: NOTE
Maintainer: ‘Matthew Jackson <mattjackson4@gmail.com>’
Package CITATION file contains call(s) to old-style citEntry(). Please
use bibentry() instead.
Flavors: r-devel-linux-x86_64-debian-clang, r-devel-linux-x86_64-debian-gcc