Last updated on 2024-06-29 06:49:44 CEST.
Flavor | Version | Tinstall | Tcheck | Ttotal | Status | Flags |
---|---|---|---|---|---|---|
r-devel-linux-x86_64-debian-clang | 0.1.1 | 3.87 | 151.34 | 155.21 | OK | |
r-devel-linux-x86_64-debian-gcc | 0.1.1 | 2.65 | 105.93 | 108.58 | OK | |
r-devel-linux-x86_64-fedora-clang | 0.1.1 | 189.80 | NOTE | |||
r-devel-linux-x86_64-fedora-gcc | 0.1.1 | 191.98 | NOTE | |||
r-devel-windows-x86_64 | 0.1.1 | 5.00 | 134.00 | 139.00 | OK | |
r-patched-linux-x86_64 | 0.1.1 | 2.66 | 140.29 | 142.95 | OK | |
r-release-linux-x86_64 | 0.1.1 | 3.00 | 144.18 | 147.18 | OK | |
r-release-macos-arm64 | 0.1.1 | 53.00 | OK | |||
r-release-macos-x86_64 | 0.1.1 | 81.00 | OK | |||
r-release-windows-x86_64 | 0.1.1 | 5.00 | 137.00 | 142.00 | OK | |
r-oldrel-macos-arm64 | 0.1.1 | 61.00 | OK | |||
r-oldrel-macos-x86_64 | 0.1.1 | 81.00 | OK | |||
r-oldrel-windows-x86_64 | 0.1.1 | 6.00 | 162.00 | 168.00 | OK |
Version: 0.1.1
Check: dependencies in R code
Result: NOTE
Namespaces in Imports field not imported from:
‘Superpower’ ‘pwr’ ‘shinydashboard’
All declared Imports should be used.
Flavors: r-devel-linux-x86_64-fedora-clang, r-devel-linux-x86_64-fedora-gcc