Last updated on 2024-06-26 03:49:28 CEST.
Flavor | Version | Tinstall | Tcheck | Ttotal | Status | Flags |
---|---|---|---|---|---|---|
r-devel-linux-x86_64-debian-clang | 0.1.0 | NOTE | ||||
r-devel-linux-x86_64-debian-gcc | 0.1.0 | 11.69 | 97.31 | 109.00 | NOTE | |
r-devel-linux-x86_64-fedora-clang | 0.1.0 | 184.88 | NOTE | |||
r-devel-linux-x86_64-fedora-gcc | 0.1.0 | 172.09 | NOTE | |||
r-devel-windows-x86_64 | 0.1.0 | 14.00 | 102.00 | 116.00 | NOTE | |
r-patched-linux-x86_64 | 0.1.0 | 10.89 | 124.37 | 135.26 | NOTE | |
r-release-linux-x86_64 | 0.1.0 | 9.96 | 124.66 | 134.62 | NOTE | |
r-release-macos-arm64 | 0.1.0 | 50.00 | NOTE | |||
r-release-macos-x86_64 | 0.1.0 | 79.00 | NOTE | |||
r-release-windows-x86_64 | 0.1.0 | 14.00 | 103.00 | 117.00 | NOTE | |
r-oldrel-macos-arm64 | 0.1.0 | 59.00 | NOTE | |||
r-oldrel-macos-x86_64 | 0.1.0 | 88.00 | NOTE | |||
r-oldrel-windows-x86_64 | 0.1.0 | 19.00 | 124.00 | 143.00 | NOTE |
Version: 0.1.0
Check: LazyData
Result: NOTE
'LazyData' is specified without a 'data' directory
Flavors: r-devel-linux-x86_64-debian-clang, r-devel-linux-x86_64-debian-gcc, r-devel-linux-x86_64-fedora-clang, r-devel-linux-x86_64-fedora-gcc, r-devel-windows-x86_64, r-patched-linux-x86_64, r-release-linux-x86_64, r-release-macos-arm64, r-release-macos-x86_64, r-release-windows-x86_64, r-oldrel-macos-arm64, r-oldrel-macos-x86_64, r-oldrel-windows-x86_64