Last updated on 2024-06-26 03:49:29 CEST.
Flavor | Version | Tinstall | Tcheck | Ttotal | Status | Flags |
---|---|---|---|---|---|---|
r-devel-linux-x86_64-debian-clang | 1.1.3 | OK | ||||
r-devel-linux-x86_64-debian-gcc | 1.1.3 | 40.96 | 59.60 | 100.56 | OK | |
r-devel-linux-x86_64-fedora-clang | 1.1.3 | 192.37 | OK | |||
r-devel-linux-x86_64-fedora-gcc | 1.1.3 | 207.78 | OK | |||
r-devel-windows-x86_64 | 1.1.3 | 49.00 | 94.00 | 143.00 | OK | |
r-patched-linux-x86_64 | 1.1.3 | 49.17 | 76.40 | 125.57 | OK | |
r-release-linux-x86_64 | 1.1.3 | 48.64 | 76.78 | 125.42 | OK | |
r-release-macos-arm64 | 1.1.3 | 50.00 | NOTE | |||
r-release-macos-x86_64 | 1.1.3 | 83.00 | NOTE | |||
r-release-windows-x86_64 | 1.1.3 | 49.00 | 95.00 | 144.00 | OK | |
r-oldrel-macos-arm64 | 1.1.3 | 61.00 | NOTE | |||
r-oldrel-macos-x86_64 | 1.1.3 | 89.00 | NOTE | |||
r-oldrel-windows-x86_64 | 1.1.3 | 60.00 | 111.00 | 171.00 | OK |
Version: 1.1.3
Check: installed package size
Result: NOTE
installed size is 8.0Mb
sub-directories of 1Mb or more:
libs 7.6Mb
Flavors: r-release-macos-arm64, r-release-macos-x86_64, r-oldrel-macos-arm64, r-oldrel-macos-x86_64