Last updated on 2024-06-26 03:49:29 CEST.
Flavor | Version | Tinstall | Tcheck | Ttotal | Status | Flags |
---|---|---|---|---|---|---|
r-devel-linux-x86_64-debian-clang | 1.0 | NOTE | ||||
r-devel-linux-x86_64-debian-gcc | 1.0 | 3.65 | 37.82 | 41.47 | NOTE | |
r-devel-linux-x86_64-fedora-clang | 1.0 | 73.30 | NOTE | |||
r-devel-linux-x86_64-fedora-gcc | 1.0 | 77.75 | NOTE | |||
r-devel-windows-x86_64 | 1.0 | 5.00 | 60.00 | 65.00 | NOTE | |
r-patched-linux-x86_64 | 1.0 | 6.23 | 49.49 | 55.72 | NOTE | |
r-release-linux-x86_64 | 1.0 | 4.64 | 48.54 | 53.18 | NOTE | |
r-release-macos-arm64 | 1.0 | 30.00 | NOTE | |||
r-release-macos-x86_64 | 1.0 | 44.00 | NOTE | |||
r-release-windows-x86_64 | 1.0 | 5.00 | 60.00 | 65.00 | NOTE | |
r-oldrel-macos-arm64 | 1.0 | 32.00 | NOTE | |||
r-oldrel-macos-x86_64 | 1.0 | 45.00 | NOTE | |||
r-oldrel-windows-x86_64 | 1.0 | 7.00 | 65.00 | 72.00 | NOTE |
Version: 1.0
Check: LazyData
Result: NOTE
'LazyData' is specified without a 'data' directory
Flavors: r-devel-linux-x86_64-debian-clang, r-devel-linux-x86_64-debian-gcc, r-devel-linux-x86_64-fedora-clang, r-devel-linux-x86_64-fedora-gcc, r-devel-windows-x86_64, r-patched-linux-x86_64, r-release-linux-x86_64, r-release-macos-arm64, r-release-macos-x86_64, r-release-windows-x86_64, r-oldrel-macos-arm64, r-oldrel-macos-x86_64, r-oldrel-windows-x86_64