Last updated on 2025-10-24 04:50:59 CEST.
| Flavor | Version | Tinstall | Tcheck | Ttotal | Status | Flags |
|---|---|---|---|---|---|---|
| r-devel-linux-x86_64-debian-clang | 2.9.1 | 8.29 | 78.60 | 86.89 | NOTE | |
| r-devel-linux-x86_64-debian-gcc | 2.9.1 | 5.24 | 57.67 | 62.91 | OK | |
| r-devel-linux-x86_64-fedora-clang | 2.9.1 | 22.00 | 113.38 | 135.38 | OK | |
| r-devel-linux-x86_64-fedora-gcc | 2.9.1 | 16.00 | 135.14 | 151.14 | OK | |
| r-devel-windows-x86_64 | 2.9.1 | 10.00 | 98.00 | 108.00 | OK | |
| r-patched-linux-x86_64 | 2.9.1 | 7.20 | 74.38 | 81.58 | OK | |
| r-release-linux-x86_64 | 2.9.1 | 7.79 | 72.92 | 80.71 | OK | |
| r-release-macos-arm64 | 2.9.1 | 4.00 | 54.00 | 58.00 | OK | |
| r-release-macos-x86_64 | 2.9.1 | 7.00 | 135.00 | 142.00 | OK | |
| r-release-windows-x86_64 | 2.9.1 | 10.00 | 100.00 | 110.00 | OK | |
| r-oldrel-macos-arm64 | 2.9.1 | 4.00 | 57.00 | 61.00 | OK | |
| r-oldrel-macos-x86_64 | 2.9.1 | 6.00 | 110.00 | 116.00 | OK | |
| r-oldrel-windows-x86_64 | 2.9.1 | 13.00 | 119.00 | 132.00 | OK |
Version: 2.9.1
Check: HTML version of manual
Result: NOTE
Found the following HTML validation problems:
armadillo.delete_project_folder.html:50:1 (armadillo.delete_project_folder.Rd:12): Warning: missing </ul> before </div>
armadillo.install_packages.html:52:1 (armadillo.install_packages.Rd:12): Warning: missing </ul> before </div>
Flavor: r-devel-linux-x86_64-debian-clang