CRAN Package Check Results for Package MultipleBreakpoints

Last updated on 2025-10-12 04:49:22 CEST.

Flavor Version Tinstall Tcheck Ttotal Status Flags
r-devel-linux-x86_64-debian-clang 0.1.0 2.16 22.81 24.97 NOTE
r-devel-linux-x86_64-debian-gcc 0.1.0 1.67 18.21 19.88 NOTE
r-devel-linux-x86_64-fedora-clang 0.1.0 38.21 OK
r-devel-linux-x86_64-fedora-gcc 0.1.0 35.44 OK
r-devel-windows-x86_64 0.1.0 3.00 39.00 42.00 OK
r-patched-linux-x86_64 0.1.0 2.23 21.63 23.86 OK
r-release-linux-x86_64 0.1.0 1.84 21.28 23.12 OK
r-release-macos-arm64 0.1.0 19.00 OK
r-release-macos-x86_64 0.1.0 25.00 OK
r-release-windows-x86_64 0.1.0 3.00 43.00 46.00 OK
r-oldrel-macos-arm64 0.1.0 16.00 OK
r-oldrel-macos-x86_64 0.1.0 24.00 OK
r-oldrel-windows-x86_64 0.1.0 4.00 45.00 49.00 OK

Check Details

Version: 0.1.0
Check: CRAN incoming feasibility
Result: NOTE Maintainer: ‘Nicolas Froelich <nicfroe@posteo.de>’ No Authors@R field in DESCRIPTION. Please add one, modifying Authors@R: person(given = "Nicolas", family = "Froelich", role = c("aut", "cre"), email = "nicfroe@posteo.de") as necessary. Flavors: r-devel-linux-x86_64-debian-clang, r-devel-linux-x86_64-debian-gcc