Last updated on 2025-10-21 04:50:24 CEST.
Flavor | Version | Tinstall | Tcheck | Ttotal | Status | Flags |
---|---|---|---|---|---|---|
r-devel-linux-x86_64-debian-clang | 2.22.9 | 1218.28 | 409.32 | 1627.60 | NOTE | |
r-devel-linux-x86_64-debian-gcc | 2.22.9 | 968.23 | 408.38 | 1376.61 | NOTE | |
r-devel-linux-x86_64-fedora-clang | 2.22.9 | 2702.45 | NOTE | |||
r-devel-linux-x86_64-fedora-gcc | 2.22.9 | 3081.82 | NOTE | |||
r-devel-windows-x86_64 | 2.22.9 | 1229.00 | 559.00 | 1788.00 | OK | |
r-patched-linux-x86_64 | 2.22.9 | 1335.48 | 532.07 | 1867.55 | NOTE | |
r-release-linux-x86_64 | 2.22.9 | 1365.11 | 536.05 | 1901.16 | NOTE | |
r-release-macos-arm64 | 2.22.9 | 624.00 | OK | |||
r-release-macos-x86_64 | 2.22.9 | 693.00 | OK | |||
r-release-windows-x86_64 | 2.22.9 | 1260.00 | 562.00 | 1822.00 | OK | |
r-oldrel-macos-arm64 | 2.22.6 | 171.00 | ERROR | |||
r-oldrel-macos-x86_64 | 2.22.6 | 143.00 | ERROR | |||
r-oldrel-windows-x86_64 | 2.21.13 | 1421.00 | 673.00 | 2094.00 | NOTE |
Version: 2.22.9
Check: Rd cross-references
Result: NOTE
Unknown package ‘umx’ in Rd xrefs
Flavors: r-devel-linux-x86_64-debian-clang, r-devel-linux-x86_64-debian-gcc, r-devel-linux-x86_64-fedora-clang, r-devel-linux-x86_64-fedora-gcc, r-patched-linux-x86_64, r-release-linux-x86_64
Version: 2.22.9
Check: HTML version of manual
Result: NOTE
Found the following HTML validation problems:
expm.html:46:1 (expm.Rd:11): Warning: missing </ul> before </div>
genericFitDependencies-MxBaseFitFunction-method.html:58:1 (genericFitDependencies-MxBaseFitFunction-method.Rd:14): Warning: missing </ul> before </div>
imxCheckMatrices.html:47:1 (imxCheckMatrices.Rd:10): Warning: missing </ul> before </div>
imxCheckVariables.html:51:1 (imxCheckVariables.Rd:12): Warning: missing </ul> before </div>
imxConDecMatrixSlots.html:47:1 (imxConDecMatrixSlots.Rd:11): Warning: missing </ul> before </div>
imxConvertIdentifier.html:59:1 (imxConvertIdentifier.Rd:16): Warning: missing </ul> before </div>
imxConvertLabel.html:59:1 (imxConvertLabel.Rd:16): Warning: missing </ul> before </div>
imxConvertSubstitution.html:55:1 (imxConvertSubstitution.Rd:14): Warning: missing </ul> before </div>
imxCreateMatrix.html:109:1 (imxCreateMatrix.Rd:58): Warning: missing </ul> before </div>
imxDefaultGetSlotDisplayNames.html:52:1 (imxDefaultGetSlotDisplayNames.Rd:12): Warning: missing </ul> before </div>
imxDeparse.html:50:1 (imxDeparse.Rd:20): Warning: missing </ul> before </div>
imxDependentModels.html:46:1 (imxDependentModels.Rd:10): Warning: missing </ul> before </div>
imxDmvnorm.html:54:1 (imxDmvnorm.Rd:14): Warning: missing </ul> before </div>
imxEvalByName.html:59:1 (imxEvalByName.Rd:16): Warning: missing </ul> before </div>
imxExtractMethod.html:51:1 (imxExtractMethod.Rd:12): Warning: missing </ul> before </div>
imxExtractNames.html:47:1 (imxExtractNames.Rd:10): Warning: missing </ul> before </div>
imxExtractReferences.html:47:1 (imxExtractReferences.Rd:10): Warning: missing </ul> before </div>
imxExtractSlot.html:52:1 (imxExtractSlot.Rd:12): Warning: missing </ul> before </div>
imxFlattenModel.html:54:1 (imxFlattenModel.Rd:14): Warning: missing </ul> before </div>
imxFreezeModel.html:46:1 (imxFreezeModel.Rd:10): Warning: missing </ul> before </div>
imxGenSwift.html:55:1 (imxGenSwift.Rd:14): Warning: missing </ul> before </div>
imxGenerateLabels.html:47:1 (imxGenerateLabels.Rd:10): Warning: missing </ul> before </div>
imxGenerateNamespace.html:47:1 (imxGenerateNamespace.Rd:10): Warning: missing </ul> before </div>
imxGenericModelBuilder.html:89:1 (imxGenericModelBuilder.Rd:36): Warning: missing </ul> before </div>
imxGetSlotDisplayNames.html:70:1 (imxGetSlotDisplayNames.Rd:24): Warning: missing </ul> before </div>
imxHasAlgebraOnPath.html:57:1 (imxHasAlgebraOnPath.Rd:14): Warning: missing </ul> before </div>
imxHasConstraint.html:48:1 (imxHasConstraint.Rd:10): Warning: missing </ul> before </div>
imxHasDefinitionVariable.html:48:1 (imxHasDefinitionVariable.Rd:10): Warning: missing </ul> before </div>
imxHasPenalty.html:48:1 (imxHasPenalty.Rd:10): Warning: missing </ul> before </div>
imxHasThresholds.html:52:1 (imxHasThresholds.Rd:12): Warning: missing </ul> before </div>
imxHasWLS.html:48:1 (imxHasWLS.Rd:10): Warning: missing </ul> before </div>
imxIdentifier.html:51:1 (imxIdentifier.Rd:12): Warning: missing </ul> before </div>
imxIndependentModels.html:46:1 (imxIndependentModels.Rd:10): Warning: missing </ul> before </div>
imxInitModel.html:47:1 (imxInitModel.Rd:13): Warning: missing </ul> before </div>
imxIsDefinitionVariable.html:47:1 (imxIsDefinitionVariable.Rd:10): Warning: missing </ul> before </div>
imxIsMultilevel.html:49:1 (imxIsMultilevel.Rd:10): Warning: missing </ul> before </div>
imxIsPath.html:47:1 (imxIsPath.Rd:10): Warning: missing </ul> before </div>
imxIsStateSpace.html:49:1 (imxIsStateSpace.Rd:10): Warning: missing </ul> before </div>
imxLocateFunction.html:47:1 (imxLocateFunction.Rd:10): Warning: missing </ul> before </div>
imxLocateIndex.html:55:1 (imxLocateIndex.Rd:14): Warning: missing </ul> before </div>
imxLocateLabel.html:55:1 (imxLocateLabel.Rd:14): Warning: missing </ul> before </div>
imxLog.html:48:1 (imxLog.Rd:10): Warning: missing </ul> before </div>
imxLookupSymbolTable.html:47:1 (imxLookupSymbolTable.Rd:10): Warning: missing </ul> before </div>
imxMpiWrap.html:47:1 (imxMpiWrap.Rd:10): Warning: missing </ul> before </div>
imxPPML.html:50:1 (imxPPML.Rd:12): Warning: missing </ul> before </div>
imxPreprocessModel.html:47:1 (imxPreprocessModel.Rd:10): Warning: missing </ul> before </div>
imxReplaceMethod.html:55:1 (imxReplaceMethod.Rd:14): Warning: missing </ul> before </div>
imxReplaceModels.html:50:1 (imxReplaceModels.Rd:12): Warning: missing </ul> before </div>
imxReplaceSlot.html:60:1 (imxReplaceSlot.Rd:16): Warning: missing </ul> before </div>
imxReverseIdentifier.html:51:1 (imxReverseIdentifier.Rd:12): Warning: missing </ul> before </div>
imxSameType.html:51:1 (imxSameType.Rd:12): Warning: missing </ul> before </div>
imxSimpleRAMPredicate.html:47:1 (imxSimpleRAMPredicate.Rd:10): Warning: missing </ul> before </div>
imxSparseInvert.html:46:1 (imxSparseInvert.Rd:10): Warning: missing </ul> before </div>
imxSquareMatrix.html:47:1 (imxSquareMatrix.Rd:17): Warning: missing </ul> before </div>
imxSymmetricMatrix.html:47:1 (imxSymmetricMatrix.Rd:15): Warning: missing </ul> before </div>
imxTypeName.html:47:1 (imxTypeName.Rd:13): Warning: missing </ul> before </div>
imxUpdateModelValues.html:55:1 (imxUpdateModelValues.Rd:14): Warning: missing </ul> before </div>
imxVerifyMatrix.html:47:1 (imxVerifyMatrix.Rd:20): Warning: missing </ul> before </div>
imxVerifyModel.html:47:1 (imxVerifyModel.Rd:13): Warning: missing </ul> before </div>
imxVerifyName.html:51:1 (imxVerifyName.Rd:12): Warning: missing </ul> before </div>
imxVerifyReference.html:51:1 (imxVerifyReference.Rd:12): Warning: missing </ul> before </div>
logm.html:50:1 (logm.Rd:12): Warning: missing </ul> before </div>
mxComputeDefault.html:47:1 (mxComputeDefault.Rd:11): Warning: missing </ul> before </div>
mxComputeGenerateData.html:46:1 (mxComputeGenerateData.Rd:11): Warning: missing </ul> before </div>
mxComputeIterate.html:78:1 (mxComputeIterate.Rd:31): Warning: missing </ul> before </div>
mxComputeLoop.html:87:1 (mxComputeLoop.Rd:37): Warning: missing </ul> before </div>
mxComputeReportDeriv.html:46:1 (mxComputeReportDeriv.Rd:11): Warning: missing </ul> before </div>
mxComputeReportExpectation.html:46:1 (mxComputeReportExpectation.Rd:11): Warning: missing </ul> before </div>
mxComputeSequence.html:63:1 (mxComputeSequence.Rd:22): Warning: missing </ul> before </div>
mxComputeSetOriginalStarts.html:46:1 (mxComputeSetOriginalStarts.Rd:11): Warning: missing </ul> before </div>
mxDataDynamic.html:58:1 (mxDataDynamic.Rd:19): Warning: missing </ul> before </div>
mxPenaltyLASSO.html:93:1 (mxPenaltyLASSO.Rd:39): Warning: missing </ul> before </div>
mxPenaltyRidge.html:93:1 (mxPenaltyRidge.Rd:39): Warning: missing </ul> before </div>
mxPenaltySearch.html:92:1 (mxPenaltySearch.Rd:36): Warning: missing </ul> before </div>
mxPenaltyZap.html:57:1 (mxPenaltyZap.Rd:12): Warning: missing </ul> before </div>
omxHasDefaultComputePlan.html:46:1 (omxHasDefaultComputePlan.Rd:10): Warning: missing </ul> before </div>
omxMatrixOperations.html:73:1 (omxMatrixOperations.Rd:48): Warning: missing </ul> before </div>
Flavor: r-devel-linux-x86_64-debian-gcc
Version: 2.22.6
Check: whether package can be installed
Result: ERROR
Installation failed.
Flavors: r-oldrel-macos-arm64, r-oldrel-macos-x86_64
Version: 2.21.13
Check: installed package size
Result: NOTE
installed size is 16.4Mb
sub-directories of 1Mb or more:
R 2.6Mb
data 1.4Mb
libs 5.1Mb
models 4.8Mb
Flavor: r-oldrel-windows-x86_64
Version: 2.21.13
Check: for GNU extensions in Makefiles
Result: NOTE
GNU make is a SystemRequirements.
Flavor: r-oldrel-windows-x86_64