CRAN Package Check Results for Package QTE.RD

Last updated on 2025-10-22 05:51:22 CEST.

Flavor Version Tinstall Tcheck Ttotal Status Flags
r-devel-linux-x86_64-debian-clang 1.2.0 8.95 303.23 312.18 NOTE
r-devel-linux-x86_64-debian-gcc 1.2.0 6.65 213.16 219.81 NOTE
r-devel-linux-x86_64-fedora-clang 1.2.0 24.00 474.01 498.01 OK
r-devel-linux-x86_64-fedora-gcc 1.2.0 21.00 499.51 520.51 OK
r-devel-windows-x86_64 1.2.0 10.00 286.00 296.00 OK
r-patched-linux-x86_64 1.2.0 9.62 290.15 299.77 OK
r-release-linux-x86_64 1.2.0 8.40 286.88 295.28 OK
r-release-macos-arm64 1.2.0 4.00 153.00 157.00 OK
r-release-macos-x86_64 1.2.0 8.00 304.00 312.00 OK
r-release-windows-x86_64 1.2.0 11.00 298.00 309.00 OK
r-oldrel-macos-arm64 1.2.0 3.00 154.00 157.00 OK
r-oldrel-macos-x86_64 1.2.0 9.00 329.00 338.00 OK
r-oldrel-windows-x86_64 1.2.0 13.00 397.00 410.00 ERROR

Check Details

Version: 1.2.0
Check: HTML version of manual
Result: NOTE Found the following HTML validation problems: print.band.qte.html:51:1 (print.band.qte.Rd:12): Warning: missing </ul> before </div> print.bw.qte.html:51:1 (print.bw.qte.Rd:12): Warning: missing </ul> before </div> print.qte.html:51:1 (print.qte.Rd:12): Warning: missing </ul> before </div> print.summary.qte.html:51:1 (print.summary.qte.Rd:12): Warning: missing </ul> before </div> print.test.qte.html:51:1 (print.test.qte.Rd:12): Warning: missing </ul> before </div> Flavors: r-devel-linux-x86_64-debian-clang, r-devel-linux-x86_64-debian-gcc

Version: 1.2.0
Check: re-building of vignette outputs
Result: ERROR Error(s) in re-building vignettes: --- re-building 'QTE_RD.Rmd' using rmarkdown Error reading bibliography file qte_rdd.bib: (line 11, column 3): unexpected '%' expecting white space Error: processing vignette 'QTE_RD.Rmd' failed with diagnostics: pandoc document conversion failed with error 25 --- failed re-building 'QTE_RD.Rmd' SUMMARY: processing the following file failed: 'QTE_RD.Rmd' Error: Vignette re-building failed. Execution halted Flavor: r-oldrel-windows-x86_64