Last updated on 2025-10-22 05:51:23 CEST.
Flavor | Version | Tinstall | Tcheck | Ttotal | Status | Flags |
---|---|---|---|---|---|---|
r-devel-linux-x86_64-debian-clang | 0.8-9 | 52.35 | 168.64 | 220.99 | NOTE | |
r-devel-linux-x86_64-debian-gcc | 0.8-9 | 32.41 | 113.80 | 146.21 | NOTE | |
r-devel-linux-x86_64-fedora-clang | 0.8-10 | 57.00 | 136.88 | 193.88 | OK | |
r-devel-linux-x86_64-fedora-gcc | 0.8-10 | 57.00 | 136.52 | 193.52 | OK | |
r-devel-windows-x86_64 | 0.8-9 | 50.00 | 160.00 | 210.00 | NOTE | |
r-patched-linux-x86_64 | 0.8-9 | 55.16 | 158.91 | 214.07 | NOTE | |
r-release-linux-x86_64 | 0.8-9 | 43.18 | 158.02 | 201.20 | NOTE | |
r-release-macos-arm64 | 0.8-10 | 23.00 | 70.00 | 93.00 | OK | |
r-release-macos-x86_64 | 0.8-10 | 86.00 | 142.00 | 228.00 | OK | |
r-release-windows-x86_64 | 0.8-9 | 52.00 | 161.00 | 213.00 | NOTE | |
r-oldrel-macos-arm64 | 0.8-10 | 21.00 | 63.00 | 84.00 | OK | |
r-oldrel-macos-x86_64 | 0.8-10 | 69.00 | 154.00 | 223.00 | OK | |
r-oldrel-windows-x86_64 | 0.8-9 | 74.00 | 209.00 | 283.00 | OK |
Version: 0.8-9
Check: Rd cross-references
Result: NOTE
Found the following Rd file(s) with Rd \link{} targets missing package
anchors:
runMLwiN.Rd: mcmc.list
sixway.Rd: mcmc, mcmc.list
Please provide package anchors for all Rd \link{} targets not in the
package itself and the base packages.
Flavors: r-devel-linux-x86_64-debian-clang, r-devel-linux-x86_64-debian-gcc, r-devel-windows-x86_64, r-patched-linux-x86_64, r-release-linux-x86_64, r-release-windows-x86_64
Version: 0.8-9
Check: HTML version of manual
Result: NOTE
Found the following HTML validation problems:
extract-methods-igls.html:68:1 (extract-methods-igls.Rd:25): Warning: missing </ul> before </div>
extract-methods-mcmc.html:68:1 (extract-methods-mcmc.Rd:25): Warning: missing </ul> before </div>
formula.mlwinfitIGLS.html:55:1 (formula.mlwinfitIGLS.Rd:14): Warning: missing </ul> before </div>
formula.mlwinfitMCMC.html:55:1 (formula.mlwinfitMCMC.Rd:14): Warning: missing </ul> before </div>
summary.mlwinfitIGLS.html:51:1 (summary.mlwinfitIGLS.Rd:12): Warning: missing </ul> before </div>
summary.mlwinfitMCMC.html:51:1 (summary.mlwinfitMCMC.Rd:12): Warning: missing </ul> before </div>
Flavors: r-devel-linux-x86_64-debian-clang, r-devel-linux-x86_64-debian-gcc