Last updated on 2024-06-29 06:49:51 CEST.
Flavor | Version | Tinstall | Tcheck | Ttotal | Status | Flags |
---|---|---|---|---|---|---|
r-devel-linux-x86_64-debian-clang | 1.1.0 | 6.53 | 56.82 | 63.35 | NOTE | |
r-devel-linux-x86_64-debian-gcc | 1.1.0 | 4.76 | 41.89 | 46.65 | NOTE | |
r-devel-linux-x86_64-fedora-clang | 1.1.0 | 78.75 | NOTE | |||
r-devel-linux-x86_64-fedora-gcc | 1.1.0 | 86.66 | NOTE | |||
r-devel-windows-x86_64 | 1.1.0 | 8.00 | 71.00 | 79.00 | NOTE | |
r-patched-linux-x86_64 | 1.1.0 | 6.45 | 53.99 | 60.44 | NOTE | |
r-release-linux-x86_64 | 1.1.0 | 4.90 | 53.87 | 58.77 | NOTE | |
r-release-macos-arm64 | 1.1.0 | 33.00 | NOTE | |||
r-release-macos-x86_64 | 1.1.0 | 65.00 | NOTE | |||
r-release-windows-x86_64 | 1.1.0 | 8.00 | 71.00 | 79.00 | NOTE | |
r-oldrel-macos-arm64 | 1.1.0 | 30.00 | NOTE | |||
r-oldrel-macos-x86_64 | 1.1.0 | 47.00 | NOTE | |||
r-oldrel-windows-x86_64 | 1.1.0 | 9.00 | 79.00 | 88.00 | NOTE |
Version: 1.1.0
Check: LazyData
Result: NOTE
'LazyData' is specified without a 'data' directory
Flavors: r-devel-linux-x86_64-debian-clang, r-devel-linux-x86_64-debian-gcc, r-devel-linux-x86_64-fedora-clang, r-devel-linux-x86_64-fedora-gcc, r-devel-windows-x86_64, r-patched-linux-x86_64, r-release-linux-x86_64, r-release-macos-arm64, r-release-macos-x86_64, r-release-windows-x86_64, r-oldrel-macos-arm64, r-oldrel-macos-x86_64, r-oldrel-windows-x86_64