Last updated on 2025-10-21 04:50:30 CEST.
Flavor | Version | Tinstall | Tcheck | Ttotal | Status | Flags |
---|---|---|---|---|---|---|
r-devel-linux-x86_64-debian-clang | 1.1.1 | 11.23 | 82.49 | 93.72 | OK | |
r-devel-linux-x86_64-debian-gcc | 1.1.1 | 7.63 | 67.89 | 75.52 | NOTE | |
r-devel-linux-x86_64-fedora-clang | 1.1.1 | 191.42 | OK | |||
r-devel-linux-x86_64-fedora-gcc | 1.1.1 | 197.43 | OK | |||
r-devel-windows-x86_64 | 1.1.1 | 12.00 | 104.00 | 116.00 | OK | |
r-patched-linux-x86_64 | 1.1.1 | 11.01 | 77.93 | 88.94 | OK | |
r-release-linux-x86_64 | 1.1.1 | 9.52 | 76.79 | 86.31 | OK | |
r-release-macos-arm64 | 1.1.1 | 71.00 | OK | |||
r-release-macos-x86_64 | 1.1.1 | 103.00 | OK | |||
r-release-windows-x86_64 | 1.1.1 | 14.00 | 108.00 | 122.00 | OK | |
r-oldrel-macos-arm64 | 1.1.1 | 53.00 | OK | |||
r-oldrel-macos-x86_64 | 1.1.1 | 76.00 | OK | |||
r-oldrel-windows-x86_64 | 1.1.1 | 17.00 | 147.00 | 164.00 | OK |
Version: 1.1.1
Check: HTML version of manual
Result: NOTE
Found the following HTML validation problems:
FastRGF_Classifier.html:97:1 (FastRGF_Classifier.Rd:108): Warning: <h3> anchor "Methods" already defined
FastRGF_Classifier.html:219:1 (FastRGF_Classifier.Rd:204): Warning: <h5> anchor "Usage" already defined
FastRGF_Classifier.html:225:1 (FastRGF_Classifier.Rd:208): Warning: <h5> anchor "Arguments" already defined
FastRGF_Regressor.html:91:1 (FastRGF_Regressor.Rd:100): Warning: <h3> anchor "Methods" already defined
FastRGF_Regressor.html:207:1 (FastRGF_Regressor.Rd:190): Warning: <h5> anchor "Usage" already defined
FastRGF_Regressor.html:213:1 (FastRGF_Regressor.Rd:194): Warning: <h5> anchor "Arguments" already defined
Internal_class.html:229:1 (Internal_class.Rd:124): Warning: missing </ul> before </div>
Internal_class.html:92:1 (Internal_class.Rd:40): Warning: <h5> anchor "Usage" already defined
Internal_class.html:106:1 (Internal_class.Rd:49): Warning: <h5> anchor "Usage" already defined
Internal_class.html:120:1 (Internal_class.Rd:58): Warning: <h5> anchor "Usage" already defined
Internal_class.html:134:1 (Internal_class.Rd:67): Warning: <h5> anchor "Usage" already defined
Internal_class.html:148:1 (Internal_class.Rd:76): Warning: <h5> anchor "Usage" already defined
Internal_class.html:162:1 (Internal_class.Rd:85): Warning: <h5> anchor "Usage" already defined
Internal_class.html:176:1 (Internal_class.Rd:94): Warning: <h5> anchor "Usage" already defined
Internal_class.html:190:1 (Internal_class.Rd:103): Warning: <h5> anchor "Usage" already defined
Internal_class.html:206:1 (Internal_class.Rd:113): Warning: <h5> anchor "Usage" already defined
RGF_Classifier.html:105:1 (RGF_Classifier.Rd:122): Warning: <h3> anchor "Methods" already defined
RGF_Classifier.html:227:1 (RGF_Classifier.Rd:218): Warning: <h5> anchor "Usage" already defined
RGF_Classifier.html:233:1 (RGF_Classifier.Rd:222): Warning: <h5> anchor "Arguments" already defined
RGF_Regressor.html:99:1 (RGF_Regressor.Rd:114): Warning: <h3> anchor "Methods" already defined
RGF_Regressor.html:215:1 (RGF_Regressor.Rd:204): Warning: <h5> anchor "Usage" already defined
RGF_Regressor.html:221:1 (RGF_Regressor.Rd:208): Warning: <h5> anchor "Arguments" already defined
Flavor: r-devel-linux-x86_64-debian-gcc