Last updated on 2025-10-23 08:50:07 CEST.
| Flavor | Version | Tinstall | Tcheck | Ttotal | Status | Flags |
|---|---|---|---|---|---|---|
| r-devel-linux-x86_64-debian-clang | 1.1.0 | 5.04 | 66.02 | 71.06 | NOTE | |
| r-devel-linux-x86_64-debian-gcc | 1.1.0 | 3.87 | 46.52 | 50.39 | NOTE | |
| r-devel-linux-x86_64-fedora-clang | 1.1.0 | 14.00 | 94.97 | 108.97 | OK | |
| r-devel-linux-x86_64-fedora-gcc | 1.1.0 | 12.00 | 108.38 | 120.38 | OK | |
| r-devel-windows-x86_64 | 1.1.0 | 7.00 | 87.00 | 94.00 | OK | |
| r-patched-linux-x86_64 | 1.1.0 | 6.02 | 62.13 | 68.15 | OK | |
| r-release-linux-x86_64 | 1.1.0 | 4.72 | 62.14 | 66.86 | OK | |
| r-release-macos-arm64 | 1.1.0 | 4.00 | 44.00 | 48.00 | OK | |
| r-release-macos-x86_64 | 1.1.0 | 6.00 | 90.00 | 96.00 | OK | |
| r-release-windows-x86_64 | 1.1.0 | 7.00 | 90.00 | 97.00 | OK | |
| r-oldrel-macos-arm64 | 1.1.0 | 3.00 | 41.00 | 44.00 | OK | |
| r-oldrel-macos-x86_64 | 1.1.0 | 4.00 | 76.00 | 80.00 | OK | |
| r-oldrel-windows-x86_64 | 1.1.0 | 7.00 | 103.00 | 110.00 | OK |
Version: 1.1.0
Check: CRAN incoming feasibility
Result: NOTE
Maintainer: ‘Jan Wijffels <jwijffels@bnosac.be>’
Package CITATION file contains call(s) to old-style personList() or
as.personList(). Please use c() on person objects instead.
Package CITATION file contains call(s) to old-style citEntry(). Please
use bibentry() instead.
Flavors: r-devel-linux-x86_64-debian-clang, r-devel-linux-x86_64-debian-gcc