Last updated on 2024-06-29 06:49:52 CEST.
Flavor | Version | Tinstall | Tcheck | Ttotal | Status | Flags |
---|---|---|---|---|---|---|
r-devel-linux-x86_64-debian-clang | 4.0.11 | 407.78 | 155.10 | 562.88 | OK | |
r-devel-linux-x86_64-debian-gcc | 4.0.11 | 280.63 | 120.27 | 400.90 | OK | |
r-devel-linux-x86_64-fedora-clang | 4.0.11 | 813.97 | OK | |||
r-devel-linux-x86_64-fedora-gcc | 4.0.11 | 830.00 | OK | |||
r-devel-windows-x86_64 | 4.0.11 | 312.00 | 222.00 | 534.00 | OK | |
r-patched-linux-x86_64 | 4.0.11 | 340.98 | 154.04 | 495.02 | OK | |
r-release-linux-x86_64 | 4.0.11 | 342.25 | 161.63 | 503.88 | OK | |
r-release-macos-arm64 | 4.0.11 | 153.00 | NOTE | |||
r-release-macos-x86_64 | 4.0.11 | 194.00 | NOTE | |||
r-release-windows-x86_64 | 4.0.11 | 301.00 | 228.00 | 529.00 | OK | |
r-oldrel-macos-arm64 | 4.0.11 | 135.00 | NOTE | |||
r-oldrel-macos-x86_64 | 4.0.11 | 226.00 | NOTE | |||
r-oldrel-windows-x86_64 | 4.0.11 | 366.00 | 228.00 | 594.00 | OK |
Version: 4.0.11
Check: installed package size
Result: NOTE
installed size is 30.5Mb
sub-directories of 1Mb or more:
libs 30.3Mb
Flavors: r-release-macos-arm64, r-release-macos-x86_64, r-oldrel-macos-arm64, r-oldrel-macos-x86_64