Last updated on 2025-10-24 04:51:08 CEST.
| Flavor | Version | Tinstall | Tcheck | Ttotal | Status | Flags |
|---|---|---|---|---|---|---|
| r-devel-linux-x86_64-debian-clang | 0.2.1 | 3.80 | 43.47 | 47.27 | NOTE | |
| r-devel-linux-x86_64-debian-gcc | 0.2.1 | 2.32 | 31.66 | 33.98 | NOTE | |
| r-devel-linux-x86_64-fedora-clang | 0.2.1 | 75.83 | NOTE | |||
| r-devel-linux-x86_64-fedora-gcc | 0.2.1 | 13.00 | 58.80 | 71.80 | NOTE | |
| r-devel-windows-x86_64 | 0.2.1 | 6.00 | 71.00 | 77.00 | OK | |
| r-patched-linux-x86_64 | 0.2.1 | 4.38 | 40.44 | 44.82 | OK | |
| r-release-linux-x86_64 | 0.2.1 | 3.65 | 40.55 | 44.20 | OK | |
| r-release-macos-arm64 | 0.2.1 | 1.00 | 22.00 | 23.00 | OK | |
| r-release-macos-x86_64 | 0.2.1 | 3.00 | 36.00 | 39.00 | OK | |
| r-release-windows-x86_64 | 0.2.1 | 6.00 | 73.00 | 79.00 | OK | |
| r-oldrel-macos-arm64 | 0.2.1 | 1.00 | 22.00 | 23.00 | OK | |
| r-oldrel-macos-x86_64 | 0.2.1 | 2.00 | 31.00 | 33.00 | OK | |
| r-oldrel-windows-x86_64 | 0.2.1 | 8.00 | 86.00 | 94.00 | OK |
Version: 0.2.1
Check: CRAN incoming feasibility
Result: NOTE
Maintainer: ‘Rohan Sadler <rohan.sadler@ausvet.com.au>’
No Authors@R field in DESCRIPTION.
Please add one, modifying
Authors@R: c(person(given = "Evan",
family = "Sergeant",
role = "aut"),
person(given = "Rohan",
family = "Sadler",
role = "cre",
email = "rohan.sadler@ausvet.com.au"))
as necessary.
Flavors: r-devel-linux-x86_64-debian-clang, r-devel-linux-x86_64-debian-gcc
Version: 0.2.1
Check: dependencies in R code
Result: NOTE
Namespace in Imports field not imported from: ‘mc2d’
All declared Imports should be used.
Flavors: r-devel-linux-x86_64-fedora-clang, r-devel-linux-x86_64-fedora-gcc