Last updated on 2024-06-29 06:49:52 CEST.
Flavor | Version | Tinstall | Tcheck | Ttotal | Status | Flags |
---|---|---|---|---|---|---|
r-devel-linux-x86_64-debian-clang | 0.0.5 | 46.66 | 497.90 | 544.56 | OK | |
r-devel-linux-x86_64-debian-gcc | 0.0.5 | 37.44 | 371.38 | 408.82 | OK | |
r-devel-linux-x86_64-fedora-clang | 0.0.5 | 751.67 | NOTE | |||
r-devel-linux-x86_64-fedora-gcc | 0.0.5 | 724.97 | NOTE | |||
r-devel-windows-x86_64 | 0.0.5 | 45.00 | 408.00 | 453.00 | OK | |
r-patched-linux-x86_64 | 0.0.5 | 42.17 | 480.65 | 522.82 | OK | |
r-release-linux-x86_64 | 0.0.5 | 48.23 | 492.07 | 540.30 | OK | |
r-release-macos-arm64 | 0.0.5 | 5.00 | ERROR | |||
r-release-macos-x86_64 | 0.0.5 | 274.00 | OK | |||
r-release-windows-x86_64 | 0.0.5 | 48.00 | 357.00 | 405.00 | OK | |
r-oldrel-macos-arm64 | 0.0.5 | 10.00 | ERROR | |||
r-oldrel-macos-x86_64 | 0.0.5 | 12.00 | ERROR | |||
r-oldrel-windows-x86_64 | 0.0.5 | 61.00 | 456.00 | 517.00 | OK |
Version: 0.0.5
Check: package dependencies
Result: NOTE
Imports includes 22 non-default packages.
Importing from so many packages makes the package vulnerable to any of
them becoming unavailable. Move as many as possible to Suggests and
use conditionally.
Flavor: r-devel-linux-x86_64-fedora-clang
Version: 0.0.5
Check: dependencies in R code
Result: NOTE
Namespace in Imports field not imported from: ‘XML’
All declared Imports should be used.
Flavors: r-devel-linux-x86_64-fedora-clang, r-devel-linux-x86_64-fedora-gcc
Version: 0.0.5
Check: package dependencies
Result: ERROR
Package required but not available: ‘rWikiPathways’
See section ‘The DESCRIPTION file’ in the ‘Writing R Extensions’
manual.
Flavor: r-release-macos-arm64
Version: 0.0.5
Check: package dependencies
Result: ERROR
Package required but not available: ‘GSVAdata’
See section ‘The DESCRIPTION file’ in the ‘Writing R Extensions’
manual.
Flavors: r-oldrel-macos-arm64, r-oldrel-macos-x86_64