Last updated on 2024-06-29 06:49:50 CEST.
Flavor | Version | Tinstall | Tcheck | Ttotal | Status | Flags |
---|---|---|---|---|---|---|
r-devel-linux-x86_64-debian-clang | 0.2.0 | 19.05 | 140.21 | 159.26 | NOTE | |
r-devel-linux-x86_64-debian-gcc | 0.2.0 | 14.57 | 105.78 | 120.35 | NOTE | |
r-devel-linux-x86_64-fedora-clang | 0.2.0 | 204.88 | NOTE | |||
r-devel-linux-x86_64-fedora-gcc | 0.2.0 | 202.81 | NOTE | |||
r-devel-windows-x86_64 | 0.2.0 | 16.00 | 115.00 | 131.00 | NOTE | |
r-patched-linux-x86_64 | 0.2.0 | 11.40 | 134.84 | 146.24 | NOTE | |
r-release-linux-x86_64 | 0.2.0 | 11.53 | 136.48 | 148.01 | NOTE | |
r-release-macos-arm64 | 0.2.0 | 59.00 | NOTE | |||
r-release-macos-x86_64 | 0.2.0 | 91.00 | NOTE | |||
r-release-windows-x86_64 | 0.2.0 | 15.00 | 122.00 | 137.00 | NOTE | |
r-oldrel-macos-arm64 | 0.2.0 | 64.00 | NOTE | |||
r-oldrel-macos-x86_64 | 0.2.0 | 105.00 | NOTE | |||
r-oldrel-windows-x86_64 | 0.2.0 | 20.00 | 143.00 | 163.00 | NOTE |
Version: 0.2.0
Check: LazyData
Result: NOTE
'LazyData' is specified without a 'data' directory
Flavors: r-devel-linux-x86_64-debian-clang, r-devel-linux-x86_64-debian-gcc, r-devel-linux-x86_64-fedora-clang, r-devel-linux-x86_64-fedora-gcc, r-devel-windows-x86_64, r-patched-linux-x86_64, r-release-linux-x86_64, r-release-macos-arm64, r-release-macos-x86_64, r-release-windows-x86_64, r-oldrel-macos-arm64, r-oldrel-macos-x86_64, r-oldrel-windows-x86_64