Last updated on 2024-06-26 03:49:34 CEST.
Flavor | Version | Tinstall | Tcheck | Ttotal | Status | Flags |
---|---|---|---|---|---|---|
r-devel-linux-x86_64-debian-clang | 0.2.1 | OK | ||||
r-devel-linux-x86_64-debian-gcc | 0.2.1 | 20.25 | 31.02 | 51.27 | OK | |
r-devel-linux-x86_64-fedora-clang | 0.2.1 | 93.22 | NOTE | |||
r-devel-linux-x86_64-fedora-gcc | 0.2.1 | 104.55 | NOTE | |||
r-devel-windows-x86_64 | 0.2.1 | 30.00 | 79.00 | 109.00 | OK | |
r-patched-linux-x86_64 | 0.2.1 | 24.06 | 38.90 | 62.96 | OK | |
r-release-linux-x86_64 | 0.2.1 | 24.36 | 37.84 | 62.20 | OK | |
r-release-macos-arm64 | 0.2.1 | 34.00 | OK | |||
r-release-macos-x86_64 | 0.2.1 | 53.00 | OK | |||
r-release-windows-x86_64 | 0.2.1 | 33.00 | 95.00 | 128.00 | OK | |
r-oldrel-macos-arm64 | 0.2.1 | 35.00 | OK | |||
r-oldrel-macos-x86_64 | 0.2.1 | 59.00 | OK | |||
r-oldrel-windows-x86_64 | 0.2.1 | 33.00 | 90.00 | 123.00 | OK |
Version: 0.2.1
Check: dependencies in R code
Result: NOTE
Namespace in Imports field not imported from: ‘stats’
All declared Imports should be used.
Flavors: r-devel-linux-x86_64-fedora-clang, r-devel-linux-x86_64-fedora-gcc