CRAN Package Check Results for Package RcppClassic

Last updated on 2025-07-17 11:50:43 CEST.

Flavor Version Tinstall Tcheck Ttotal Status Flags
r-devel-linux-x86_64-debian-clang 0.9.13 48.02 26.09 74.11 NOTE
r-devel-linux-x86_64-debian-gcc 0.9.13 28.79 21.88 50.67 NOTE
r-devel-linux-x86_64-fedora-clang 0.9.13 143.73 OK
r-devel-linux-x86_64-fedora-gcc 0.9.13 123.39 OK
r-devel-windows-x86_64 0.9.13 55.00 111.00 166.00 OK
r-patched-linux-x86_64 0.9.13 42.21 24.76 66.97 OK
r-release-linux-x86_64 0.9.13 41.49 24.48 65.97 OK
r-release-macos-arm64 0.9.13 71.00 OK
r-release-macos-x86_64 0.9.13 106.00 OK
r-release-windows-x86_64 0.9.13 58.00 122.00 180.00 OK
r-oldrel-macos-arm64 0.9.13 60.00 OK
r-oldrel-macos-x86_64 0.9.13 92.00 OK
r-oldrel-windows-x86_64 0.9.13 63.00 140.00 203.00 OK

Check Details

Version: 0.9.13
Check: CRAN incoming feasibility
Result: NOTE Maintainer: ‘Dirk Eddelbuettel <edd@debian.org>’ No Authors@R field in DESCRIPTION. Please add one, modifying Authors@R: c(person(given = "Dirk", family = "Eddelbuettel", role = c("aut", "cre"), email = "edd@debian.org"), person(given = "Romain", family = "Francois", role = "aut"), person(given = c("with", "contributions", "by", "David"), family = "Reiss", role = "aut"), person(given = c("and", "based", "on", "code", "written", "during"), family = "2005", role = "aut"), person(given = c("2006", "by", "Dominick"), family = "Samperi", role = "aut")) as necessary. Flavors: r-devel-linux-x86_64-debian-clang, r-devel-linux-x86_64-debian-gcc