CRAN Package Check Results for Package RcppClassicExamples

Last updated on 2025-07-19 08:48:47 CEST.

Flavor Version Tinstall Tcheck Ttotal Status Flags
r-devel-linux-x86_64-debian-clang 0.1.3 22.68 23.67 46.35 NOTE
r-devel-linux-x86_64-debian-gcc 0.1.3 16.79 19.02 35.81 NOTE
r-devel-linux-x86_64-fedora-clang 0.1.3 91.22 OK
r-devel-linux-x86_64-fedora-gcc 0.1.3 78.05 OK
r-devel-windows-x86_64 0.1.3 33.00 78.00 111.00 OK
r-patched-linux-x86_64 0.1.3 22.98 22.70 45.68 OK
r-release-linux-x86_64 0.1.3 24.45 22.49 46.94 OK
r-release-macos-arm64 0.1.3 31.00 OK
r-release-macos-x86_64 0.1.3 46.00 OK
r-release-windows-x86_64 0.1.3 33.00 83.00 116.00 OK
r-oldrel-macos-arm64 0.1.3 30.00 OK
r-oldrel-macos-x86_64 0.1.3 37.00 OK
r-oldrel-windows-x86_64 0.1.3 39.00 158.00 197.00 OK

Check Details

Version: 0.1.3
Check: CRAN incoming feasibility
Result: NOTE Maintainer: ‘Dirk Eddelbuettel <edd@debian.org>’ No Authors@R field in DESCRIPTION. Please add one, modifying Authors@R: c(person(given = "Dirk", family = "Eddelbuettel", role = c("aut", "cre"), email = "edd@debian.org"), person(given = "Romain", family = "Francois", role = "aut"), person(given = c("based", "on", "code", "written", "during"), family = "2005", role = "aut"), person(given = c("2006", "by", "Dominick"), family = "Samperi", role = "aut")) as necessary. Flavors: r-devel-linux-x86_64-debian-clang, r-devel-linux-x86_64-debian-gcc