Last updated on 2024-06-26 03:49:34 CEST.
Flavor | Version | Tinstall | Tcheck | Ttotal | Status | Flags |
---|---|---|---|---|---|---|
r-devel-linux-x86_64-debian-clang | 0.6.0 | OK | ||||
r-devel-linux-x86_64-debian-gcc | 0.6.0 | 29.90 | 40.78 | 70.68 | OK | |
r-devel-linux-x86_64-fedora-clang | 0.6.0 | 123.33 | OK | |||
r-devel-linux-x86_64-fedora-gcc | 0.6.0 | 134.83 | OK | |||
r-devel-windows-x86_64 | 0.6.0 | 34.00 | 83.00 | 117.00 | OK | |
r-patched-linux-x86_64 | 0.6.0 | 40.76 | 52.47 | 93.23 | OK | |
r-release-linux-x86_64 | 0.6.0 | 40.52 | 51.49 | 92.01 | OK | |
r-release-macos-arm64 | 0.6.0 | 34.00 | NOTE | |||
r-release-macos-x86_64 | 0.6.0 | 52.00 | NOTE | |||
r-release-windows-x86_64 | 0.6.0 | 33.00 | 96.00 | 129.00 | OK | |
r-oldrel-macos-arm64 | 0.6.0 | 43.00 | NOTE | |||
r-oldrel-macos-x86_64 | 0.6.0 | 141.00 | NOTE | |||
r-oldrel-windows-x86_64 | 0.6.0 | 38.00 | 98.00 | 136.00 | OK |
Version: 0.6.0
Check: installed package size
Result: NOTE
installed size is 6.3Mb
sub-directories of 1Mb or more:
libs 6.1Mb
Flavors: r-release-macos-arm64, r-release-macos-x86_64, r-oldrel-macos-arm64, r-oldrel-macos-x86_64