Last updated on 2025-10-21 04:50:32 CEST.
Flavor | Version | Tinstall | Tcheck | Ttotal | Status | Flags |
---|---|---|---|---|---|---|
r-devel-linux-x86_64-debian-clang | 1.2.0 | 9.90 | 88.68 | 98.58 | OK | |
r-devel-linux-x86_64-debian-gcc | 1.2.0 | 7.41 | 59.75 | 67.16 | NOTE | |
r-devel-linux-x86_64-fedora-clang | 1.2.0 | 155.21 | OK | |||
r-devel-linux-x86_64-fedora-gcc | 1.2.0 | 147.10 | OK | |||
r-devel-windows-x86_64 | 1.2.0 | 16.00 | 105.00 | 121.00 | OK | |
r-patched-linux-x86_64 | 1.2.0 | 11.76 | 80.35 | 92.11 | OK | |
r-release-linux-x86_64 | 1.2.0 | 10.11 | 79.94 | 90.05 | OK | |
r-release-macos-arm64 | 1.2.0 | 38.00 | OK | |||
r-release-macos-x86_64 | 1.2.0 | 71.00 | OK | |||
r-release-windows-x86_64 | 1.2.0 | 16.00 | 109.00 | 125.00 | OK | |
r-oldrel-macos-arm64 | 1.2.0 | 36.00 | NOTE | |||
r-oldrel-macos-x86_64 | 1.2.0 | 96.00 | NOTE | |||
r-oldrel-windows-x86_64 | 1.2.0 | 23.00 | 133.00 | 156.00 | NOTE |
Version: 1.2.0
Check: HTML version of manual
Result: NOTE
Found the following HTML validation problems:
create_diagram_by_level.html:59:1 (create_diagram_by_level.Rd:16): Warning: missing </ul> before </div>
crps_aux.html:51:1 (crps_aux.Rd:12): Warning: missing </ul> before </div>
crps_aux_esc.html:51:1 (crps_aux_esc.Rd:12): Warning: missing </ul> before </div>
delete_redundant_files.html:46:1 (delete_redundant_files.Rd:10): Warning: missing </ul> before </div>
download_chirps_monthly_high.html:58:1 (download_chirps_monthly_high.Rd:20): Warning: missing </ul> before </div>
download_chirps_monthly_low.html:63:1 (download_chirps_monthly_low.Rd:23): Warning: missing </ul> before </div>
modify_dt_map_plotting.html:50:1 (modify_dt_map_plotting.Rd:12): Warning: missing </ul> before </div>
season_strings_to_int.html:46:1 (season_strings_to_int.Rd:10): Warning: missing </ul> before </div>
Flavor: r-devel-linux-x86_64-debian-gcc
Version: 1.2.0
Check: installed package size
Result: NOTE
installed size is 19.3Mb
sub-directories of 1Mb or more:
extdata 18.0Mb
Flavors: r-oldrel-macos-arm64, r-oldrel-macos-x86_64, r-oldrel-windows-x86_64