Last updated on 2024-06-29 06:49:55 CEST.
Flavor | Version | Tinstall | Tcheck | Ttotal | Status | Flags |
---|---|---|---|---|---|---|
r-devel-linux-x86_64-debian-clang | 0.4.1 | 25.37 | 82.52 | 107.89 | NOTE | |
r-devel-linux-x86_64-debian-gcc | 0.4.1 | 17.67 | 65.15 | 82.82 | NOTE | |
r-devel-linux-x86_64-fedora-clang | 0.4.1 | 149.74 | NOTE | |||
r-devel-linux-x86_64-fedora-gcc | 0.4.1 | 153.95 | NOTE | |||
r-devel-windows-x86_64 | 0.4.1 | 23.00 | 99.00 | 122.00 | NOTE | |
r-patched-linux-x86_64 | 0.4.1 | 20.17 | 83.82 | 103.99 | NOTE | |
r-release-linux-x86_64 | 0.4.1 | 21.52 | 83.21 | 104.73 | NOTE | |
r-release-macos-arm64 | 0.4.1 | 52.00 | NOTE | |||
r-release-macos-x86_64 | 0.4.1 | 74.00 | NOTE | |||
r-release-windows-x86_64 | 0.4.1 | 22.00 | 148.00 | 170.00 | NOTE | |
r-oldrel-macos-arm64 | 0.4.1 | 56.00 | NOTE | |||
r-oldrel-macos-x86_64 | 0.4.1 | 79.00 | NOTE | |||
r-oldrel-windows-x86_64 | 0.4.1 | 28.00 | 118.00 | 146.00 | NOTE |
Version: 0.4.1
Check: C++ specification
Result: NOTE
Specified C++11: please drop specification unless essential
Flavors: r-devel-linux-x86_64-debian-clang, r-devel-linux-x86_64-debian-gcc, r-devel-linux-x86_64-fedora-clang, r-devel-linux-x86_64-fedora-gcc, r-devel-windows-x86_64, r-patched-linux-x86_64, r-release-linux-x86_64, r-release-macos-arm64, r-release-macos-x86_64, r-release-windows-x86_64, r-oldrel-macos-arm64, r-oldrel-macos-x86_64, r-oldrel-windows-x86_64