Last updated on 2024-06-29 06:49:56 CEST.
Flavor | Version | Tinstall | Tcheck | Ttotal | Status | Flags |
---|---|---|---|---|---|---|
r-devel-linux-x86_64-debian-clang | 0.1.1 | 12.96 | 59.65 | 72.61 | NOTE | |
r-devel-linux-x86_64-debian-gcc | 0.1.1 | 10.18 | 43.80 | 53.98 | NOTE | |
r-devel-linux-x86_64-fedora-clang | 0.1.1 | 97.04 | NOTE | |||
r-devel-linux-x86_64-fedora-gcc | 0.1.1 | 104.09 | NOTE | |||
r-devel-windows-x86_64 | 0.1.1 | 11.00 | 72.00 | 83.00 | NOTE | |
r-patched-linux-x86_64 | 0.1.1 | 14.43 | 57.68 | 72.11 | NOTE | |
r-release-linux-x86_64 | 0.1.1 | 13.80 | 59.70 | 73.50 | NOTE | |
r-release-macos-arm64 | 0.1.1 | 31.00 | NOTE | |||
r-release-macos-x86_64 | 0.1.1 | 49.00 | NOTE | |||
r-release-windows-x86_64 | 0.1.1 | 11.00 | 71.00 | 82.00 | NOTE | |
r-oldrel-macos-arm64 | 0.1.1 | 32.00 | NOTE | |||
r-oldrel-macos-x86_64 | 0.1.1 | 54.00 | NOTE | |||
r-oldrel-windows-x86_64 | 0.1.1 | 11.00 | 76.00 | 87.00 | NOTE |
Version: 0.1.1
Check: LazyData
Result: NOTE
'LazyData' is specified without a 'data' directory
Flavors: r-devel-linux-x86_64-debian-clang, r-devel-linux-x86_64-debian-gcc, r-devel-linux-x86_64-fedora-clang, r-devel-linux-x86_64-fedora-gcc, r-devel-windows-x86_64, r-patched-linux-x86_64, r-release-linux-x86_64, r-release-macos-arm64, r-release-macos-x86_64, r-release-windows-x86_64, r-oldrel-macos-arm64, r-oldrel-macos-x86_64, r-oldrel-windows-x86_64