Last updated on 2024-06-29 06:49:56 CEST.
Flavor | Version | Tinstall | Tcheck | Ttotal | Status | Flags |
---|---|---|---|---|---|---|
r-devel-linux-x86_64-debian-clang | 0.1.1 | 11.96 | 122.14 | 134.10 | NOTE | |
r-devel-linux-x86_64-debian-gcc | 0.1.1 | 11.69 | 90.55 | 102.24 | NOTE | |
r-devel-linux-x86_64-fedora-clang | 0.1.1 | 167.80 | NOTE | |||
r-devel-linux-x86_64-fedora-gcc | 0.1.1 | 164.76 | NOTE | |||
r-devel-windows-x86_64 | 0.1.1 | 13.00 | 94.00 | 107.00 | NOTE | |
r-patched-linux-x86_64 | 0.1.1 | 10.92 | 112.95 | 123.87 | NOTE | |
r-release-linux-x86_64 | 0.1.1 | 9.10 | 117.98 | 127.08 | NOTE | |
r-release-macos-arm64 | 0.1.1 | 49.00 | NOTE | |||
r-release-macos-x86_64 | 0.1.1 | 65.00 | NOTE | |||
r-release-windows-x86_64 | 0.1.1 | 13.00 | 97.00 | 110.00 | NOTE | |
r-oldrel-macos-arm64 | 0.1.1 | 51.00 | NOTE | |||
r-oldrel-macos-x86_64 | 0.1.1 | 84.00 | NOTE | |||
r-oldrel-windows-x86_64 | 0.1.1 | 16.00 | 123.00 | 139.00 | NOTE |
Version: 0.1.1
Check: LazyData
Result: NOTE
'LazyData' is specified without a 'data' directory
Flavors: r-devel-linux-x86_64-debian-clang, r-devel-linux-x86_64-debian-gcc, r-devel-linux-x86_64-fedora-clang, r-devel-linux-x86_64-fedora-gcc, r-devel-windows-x86_64, r-patched-linux-x86_64, r-release-linux-x86_64, r-release-macos-arm64, r-release-macos-x86_64, r-release-windows-x86_64, r-oldrel-macos-arm64, r-oldrel-macos-x86_64, r-oldrel-windows-x86_64