Last updated on 2024-06-29 06:49:35 CEST.
Flavor | Version | Tinstall | Tcheck | Ttotal | Status | Flags |
---|---|---|---|---|---|---|
r-devel-linux-x86_64-debian-clang | 1.3.6 | 16.57 | 152.58 | 169.15 | NOTE | |
r-devel-linux-x86_64-debian-gcc | 1.3.6 | 13.09 | 114.88 | 127.97 | NOTE | |
r-devel-linux-x86_64-fedora-clang | 1.3.6 | 213.47 | NOTE | |||
r-devel-linux-x86_64-fedora-gcc | 1.3.6 | 204.45 | NOTE | |||
r-devel-windows-x86_64 | 1.3.6 | 15.00 | 119.00 | 134.00 | NOTE | |
r-patched-linux-x86_64 | 1.3.6 | 12.00 | 144.19 | 156.19 | NOTE | |
r-release-linux-x86_64 | 1.3.6 | 11.26 | 145.12 | 156.38 | NOTE | |
r-release-macos-arm64 | 1.3.6 | 56.00 | NOTE | |||
r-release-macos-x86_64 | 1.3.6 | 90.00 | NOTE | |||
r-release-windows-x86_64 | 1.3.6 | 15.00 | 118.00 | 133.00 | NOTE | |
r-oldrel-macos-arm64 | 1.3.6 | 63.00 | NOTE | |||
r-oldrel-macos-x86_64 | 1.3.6 | 101.00 | NOTE | |||
r-oldrel-windows-x86_64 | 1.3.6 | 20.00 | 155.00 | 175.00 | NOTE |
Version: 1.3.6
Check: Rd files
Result: NOTE
checkRd: (-1) ALF.Rd:47: Escaped LaTeX specials: \&
checkRd: (-1) APEXMS.Rd:14: Lost braces in \enumerate; meant \describe ?
checkRd: (-1) APEXMS.Rd:15: Lost braces in \enumerate; meant \describe ?
Flavors: r-devel-linux-x86_64-debian-clang, r-devel-linux-x86_64-debian-gcc, r-devel-linux-x86_64-fedora-clang, r-devel-linux-x86_64-fedora-gcc, r-devel-windows-x86_64, r-patched-linux-x86_64, r-release-linux-x86_64, r-release-macos-arm64, r-release-macos-x86_64, r-release-windows-x86_64
Version: 1.3.6
Check: Rd files
Result: NOTE
checkRd: (-1) ALF.Rd:47: Escaped LaTeX specials: \&
Flavors: r-oldrel-macos-arm64, r-oldrel-macos-x86_64, r-oldrel-windows-x86_64