Last updated on 2025-11-02 13:49:31 CET.
| Flavor | Version | Tinstall | Tcheck | Ttotal | Status | Flags |
|---|---|---|---|---|---|---|
| r-devel-linux-x86_64-debian-clang | 0.2.3 | 4.13 | 100.05 | 104.18 | OK | |
| r-devel-linux-x86_64-debian-gcc | 0.2.3 | 2.60 | 67.62 | 70.22 | OK | |
| r-devel-linux-x86_64-fedora-clang | 0.2.3 | 158.34 | OK | |||
| r-devel-linux-x86_64-fedora-gcc | 0.2.3 | 153.25 | OK | |||
| r-devel-windows-x86_64 | 0.2.3 | 6.00 | 113.00 | 119.00 | OK | |
| r-patched-linux-x86_64 | 0.2.3 | 3.88 | 92.65 | 96.53 | OK | |
| r-release-linux-x86_64 | 0.2.3 | 3.62 | 90.69 | 94.31 | OK | |
| r-release-macos-arm64 | 0.2.3 | 2.00 | 47.00 | 49.00 | OK | |
| r-release-macos-x86_64 | 0.2.3 | 3.00 | 77.00 | 80.00 | OK | |
| r-release-windows-x86_64 | 0.2.3 | 6.00 | 112.00 | 118.00 | OK | |
| r-oldrel-macos-arm64 | 0.2.3 | 2.00 | 53.00 | 55.00 | NOTE | |
| r-oldrel-macos-x86_64 | 0.2.3 | 3.00 | 83.00 | 86.00 | NOTE | |
| r-oldrel-windows-x86_64 | 0.2.3 | 8.00 | 138.00 | 146.00 | NOTE |
Version: 0.2.3
Check: LazyData
Result: NOTE
'LazyData' is specified without a 'data' directory
Flavors: r-oldrel-macos-arm64, r-oldrel-macos-x86_64, r-oldrel-windows-x86_64