Last updated on 2025-10-21 04:50:07 CEST.
Flavor | Version | Tinstall | Tcheck | Ttotal | Status | Flags |
---|---|---|---|---|---|---|
r-devel-linux-x86_64-debian-clang | 1.4.0 | 6.84 | 154.71 | 161.55 | OK | |
r-devel-linux-x86_64-debian-gcc | 1.4.0 | 4.81 | 106.46 | 111.27 | NOTE | |
r-devel-linux-x86_64-fedora-clang | 1.4.0 | 243.01 | OK | |||
r-devel-linux-x86_64-fedora-gcc | 1.4.0 | 260.14 | OK | |||
r-devel-windows-x86_64 | 1.4.0 | 8.00 | 406.00 | 414.00 | OK | |
r-patched-linux-x86_64 | 1.4.0 | 7.53 | 149.13 | 156.66 | OK | |
r-release-linux-x86_64 | 1.4.0 | 5.43 | 148.97 | 154.40 | OK | |
r-release-macos-arm64 | 1.4.0 | 164.00 | OK | |||
r-release-macos-x86_64 | 1.4.0 | 357.00 | OK | |||
r-release-windows-x86_64 | 1.4.0 | 10.00 | 407.00 | 417.00 | OK | |
r-oldrel-macos-arm64 | 1.4.0 | 158.00 | OK | |||
r-oldrel-macos-x86_64 | 1.4.0 | 306.00 | OK | |||
r-oldrel-windows-x86_64 | 1.4.0 | 12.00 | 492.00 | 504.00 | OK |
Version: 1.4.0
Check: HTML version of manual
Result: NOTE
Found the following HTML validation problems:
cat0.html:47:1 (cat0.Rd:10): Warning: missing </ul> before </div>
stop0_warning0.html:51:1 (stop0_warning0.Rd:16): Warning: missing </ul> before </div>
vapply_helpers.html:64:1 (vapply_helpers.Rd:28): Warning: missing </ul> before </div>
Flavor: r-devel-linux-x86_64-debian-gcc