Last updated on 2025-10-22 05:50:58 CEST.
Flavor | Version | Tinstall | Tcheck | Ttotal | Status | Flags |
---|---|---|---|---|---|---|
r-devel-linux-x86_64-debian-clang | 0.1-0 | 2.57 | 22.16 | 24.73 | NOTE | |
r-devel-linux-x86_64-debian-gcc | 0.1-0 | 2.37 | 18.31 | 20.68 | NOTE | |
r-devel-linux-x86_64-fedora-clang | 0.1-0 | 37.59 | OK | |||
r-devel-linux-x86_64-fedora-gcc | 0.1-0 | 35.74 | OK | |||
r-devel-windows-x86_64 | 0.1-0 | 4.00 | 40.00 | 44.00 | OK | |
r-patched-linux-x86_64 | 0.1-0 | 3.34 | 20.65 | 23.99 | OK | |
r-release-linux-x86_64 | 0.1-0 | 3.53 | 20.52 | 24.05 | OK | |
r-release-macos-arm64 | 0.1-0 | 2.00 | 16.00 | 18.00 | OK | |
r-release-macos-x86_64 | 0.1-0 | 4.00 | 23.00 | 27.00 | OK | |
r-release-windows-x86_64 | 0.1-0 | 4.00 | 49.00 | 53.00 | OK | |
r-oldrel-macos-arm64 | 0.1-0 | 2.00 | 22.00 | 24.00 | OK | |
r-oldrel-macos-x86_64 | 0.1-0 | 3.00 | 19.00 | 22.00 | OK | |
r-oldrel-windows-x86_64 | 0.1-0 | 5.00 | 48.00 | 53.00 | OK |
Version: 0.1-0
Check: CRAN incoming feasibility
Result: NOTE
Maintainer: ‘Benjamin Auder <benjamin.auder@universite-paris-saclay.fr>’
The Description field contains
Maillard, Sylvain Arlot, Matthieu Lerasle (2021) <arXiv:1909.04890>
Please refer to arXiv e-prints via their arXiv DOI <doi:10.48550/arXiv.YYMM.NNNNN>.
Flavors: r-devel-linux-x86_64-debian-clang, r-devel-linux-x86_64-debian-gcc
Version: 0.1-0
Check: HTML version of manual
Result: NOTE
Found the following HTML validation problems:
AgghooCV.html:208:1 (AgghooCV.Rd:115): Warning: missing </ul> before </div>
AgghooCV.html:104:1 (AgghooCV.Rd:53): Warning: <h5> anchor "Usage" already defined
AgghooCV.html:110:1 (AgghooCV.Rd:57): Warning: <h5> anchor "Arguments" already defined
AgghooCV.html:140:1 (AgghooCV.Rd:77): Warning: <h5> anchor "Usage" already defined
AgghooCV.html:146:1 (AgghooCV.Rd:81): Warning: <h5> anchor "Arguments" already defined
AgghooCV.html:169:1 (AgghooCV.Rd:94): Warning: <h5> anchor "Usage" already defined
AgghooCV.html:185:1 (AgghooCV.Rd:104): Warning: <h5> anchor "Usage" already defined
AgghooCV.html:191:1 (AgghooCV.Rd:108): Warning: <h5> anchor "Arguments" already defined
CVvoting_run.html:70:1 (CVvoting_run.Rd:22): Warning: missing </ul> before </div>
Model.html:198:1 (Model.Rd:108): Warning: missing </ul> before </div>
Model.html:113:1 (Model.Rd:59): Warning: <h5> anchor "Usage" already defined
Model.html:119:1 (Model.Rd:63): Warning: <h5> anchor "Arguments" already defined
Model.html:146:1 (Model.Rd:80): Warning: <h5> anchor "Usage" already defined
Model.html:152:1 (Model.Rd:84): Warning: <h5> anchor "Arguments" already defined
Model.html:175:1 (Model.Rd:97): Warning: <h5> anchor "Usage" already defined
Model.html:181:1 (Model.Rd:101): Warning: <h5> anchor "Arguments" already defined
agghoo_run.html:70:1 (agghoo_run.Rd:22): Warning: missing </ul> before </div>
compareMulti.html:85:1 (compareMulti.Rd:35): Warning: missing </ul> before </div>
compareRange.html:85:1 (compareRange.Rd:35): Warning: missing </ul> before </div>
compareTo.html:79:1 (compareTo.Rd:31): Warning: missing </ul> before </div>
standardCV_run.html:78:1 (standardCV_run.Rd:30): Warning: missing </ul> before </div>
Flavors: r-devel-linux-x86_64-debian-clang, r-devel-linux-x86_64-debian-gcc