Last updated on 2024-06-15 05:49:04 CEST.
Flavor | Version | Tinstall | Tcheck | Ttotal | Status | Flags |
---|---|---|---|---|---|---|
r-devel-linux-x86_64-debian-clang | 0.6-3.4 | 15.05 | 41.12 | 56.17 | NOTE | |
r-devel-linux-x86_64-debian-gcc | 0.6-3.4 | 9.29 | 32.43 | 41.72 | NOTE | |
r-devel-linux-x86_64-fedora-clang | 0.6-3.4 | 69.87 | NOTE | |||
r-devel-linux-x86_64-fedora-gcc | 0.6-3.4 | 67.68 | NOTE | |||
r-devel-windows-x86_64 | 0.6-3.4 | 11.00 | 56.00 | 67.00 | NOTE | |
r-patched-linux-x86_64 | 0.6-3.4 | 12.35 | 40.76 | 53.11 | NOTE | |
r-release-linux-x86_64 | 0.6-3.4 | 11.28 | 40.05 | 51.33 | NOTE | |
r-release-macos-arm64 | 0.6-3.4 | 29.00 | NOTE | |||
r-release-macos-x86_64 | 0.6-3.4 | 42.00 | NOTE | |||
r-release-windows-x86_64 | 0.6-3.4 | 13.00 | 58.00 | 71.00 | NOTE | |
r-oldrel-macos-arm64 | 0.6-3.4 | 33.00 | OK | |||
r-oldrel-macos-x86_64 | 0.6-3.4 | 49.00 | NOTE | |||
r-oldrel-windows-x86_64 | 0.6-3.4 | 15.00 | 61.00 | 76.00 | OK |
Version: 0.6-3.4
Check: Rd files
Result: NOTE
checkRd: (-1) interpp.Rd:119: Lost braces
119 | If \code{linear} is \\code{TRUE}, linear
| ^
Flavors: r-devel-linux-x86_64-debian-clang, r-devel-linux-x86_64-debian-gcc, r-devel-linux-x86_64-fedora-clang, r-devel-linux-x86_64-fedora-gcc, r-devel-windows-x86_64, r-patched-linux-x86_64, r-release-linux-x86_64, r-release-macos-arm64, r-release-macos-x86_64, r-release-windows-x86_64
Version: 0.6-3.4
Check: package dependencies
Result: NOTE
Package which this enhances but not available for checking: ‘tripack’
Flavor: r-oldrel-macos-x86_64
Version: 0.6-3.4
Check: Rd cross-references
Result: NOTE
Package unavailable to check Rd xrefs: ‘tripack’
Flavor: r-oldrel-macos-x86_64