Last updated on 2025-10-21 04:50:08 CEST.
Flavor | Version | Tinstall | Tcheck | Ttotal | Status | Flags |
---|---|---|---|---|---|---|
r-devel-linux-x86_64-debian-clang | 0.99.30 | 10.98 | 82.21 | 93.19 | OK | |
r-devel-linux-x86_64-debian-gcc | 0.99.30 | 6.70 | 59.35 | 66.05 | NOTE | |
r-devel-linux-x86_64-fedora-clang | 0.99.30 | 149.15 | OK | |||
r-devel-linux-x86_64-fedora-gcc | 0.99.30 | 156.15 | OK | |||
r-devel-windows-x86_64 | 0.99.30 | 12.00 | 93.00 | 105.00 | OK | |
r-patched-linux-x86_64 | 0.99.30 | 12.91 | 79.11 | 92.02 | OK | |
r-release-linux-x86_64 | 0.99.30 | 10.49 | 79.84 | 90.33 | OK | |
r-release-macos-arm64 | 0.99.30 | 104.00 | OK | |||
r-release-macos-x86_64 | 0.99.30 | 152.00 | OK | |||
r-release-windows-x86_64 | 0.99.30 | 13.00 | 96.00 | 109.00 | OK | |
r-oldrel-macos-arm64 | 0.99.30 | 107.00 | OK | |||
r-oldrel-macos-x86_64 | 0.99.30 | 143.00 | OK | |||
r-oldrel-windows-x86_64 | 0.99.30 | 15.00 | 117.00 | 132.00 | OK |
Version: 0.99.30
Check: HTML version of manual
Result: NOTE
Found the following HTML validation problems:
CV-Methods.html:90:1 (CV-Methods.Rd:45): Warning: missing </ul> before </div>
Cost-Methods.html:102:1 (Cost-Methods.Rd:45): Warning: missing </ul> before </div>
Diagnostics-Methods.html:58:1 (Diagnostics-Methods.Rd:22): Warning: missing </ul> before </div>
HHI-Methods.html:70:1 (HHI-Methods.Rd:29): Warning: missing </ul> before </div>
Margins-Methods.html:98:1 (Margins-Methods.Rd:57): Warning: missing </ul> before </div>
Output-Methods.html:154:1 (Output-Methods.Rd:106): Warning: missing </ul> before </div>
Params-Methods.html:133:1 (Params-Methods.Rd:94): Warning: missing </ul> before </div>
Plot-Methods.html:52:1 (Plot-Methods.Rd:14): Warning: missing </ul> before </div>
PriceDelta-Methods.html:148:1 (PriceDelta-Methods.Rd:90): Warning: missing </ul> before </div>
Prices-Methods.html:125:1 (Prices-Methods.Rd:65): Warning: missing </ul> before </div>
Show-Methods.html:50:1 (Show-Methods.Rd:15): Warning: missing </ul> before </div>
summary-methods.html:136:1 (summary-methods.Rd:84): Warning: missing </ul> before </div>
Flavor: r-devel-linux-x86_64-debian-gcc