Last updated on 2025-10-21 04:50:08 CEST.
Flavor | Version | Tinstall | Tcheck | Ttotal | Status | Flags |
---|---|---|---|---|---|---|
r-devel-linux-x86_64-debian-clang | 0.4.0 | 109.81 | 48.66 | 158.47 | OK | |
r-devel-linux-x86_64-debian-gcc | 0.4.0 | 92.49 | 35.94 | 128.43 | ERROR | |
r-devel-linux-x86_64-fedora-clang | 0.4.0 | 248.34 | OK | |||
r-devel-linux-x86_64-fedora-gcc | 0.4.0 | 248.18 | OK | |||
r-devel-windows-x86_64 | 0.4.0 | 145.00 | 79.00 | 224.00 | OK | |
r-patched-linux-x86_64 | 0.4.0 | 115.81 | 46.05 | 161.86 | OK | |
r-release-linux-x86_64 | 0.4.0 | 111.82 | 45.48 | 157.30 | OK | |
r-release-macos-arm64 | 0.4.0 | 79.00 | OK | |||
r-release-macos-x86_64 | 0.4.0 | 135.00 | OK | |||
r-release-windows-x86_64 | 0.4.0 | 145.00 | 78.00 | 223.00 | OK | |
r-oldrel-macos-arm64 | 0.4.0 | 85.00 | NOTE | |||
r-oldrel-macos-x86_64 | 0.4.0 | 129.00 | NOTE | |||
r-oldrel-windows-x86_64 | 0.4.0 | 164.00 | 96.00 | 260.00 | NOTE |
Version: 0.4.0
Check: examples
Result: ERROR
Running examples in ‘arcgisutils-Ex.R’ failed
The error most likely occurred in:
> base::assign(".ptime", proc.time(), pos = "CheckExEnv")
> ### Name: arc_item_data
> ### Title: Download an Item's Data
> ### Aliases: arc_item_data
>
> ### ** Examples
>
> ## Don't show:
> if (curl::has_internet()) (if (getRversion() >= "3.4") withAutoprint else force)({ # examplesIf
+ ## End(Don't show)
+ arc_item_data("9df5e769bfe8412b8de36a2e618c7672")
+ ## Don't show:
+ }) # examplesIf
> arc_item_data("9df5e769bfe8412b8de36a2e618c7672")
Error in `httr2::req_perform()`:
! HTTP 400 Bad Request.
Backtrace:
▆
1. ├─(if (getRversion() >= "3.4") withAutoprint else force)(...)
2. │ └─base::source(...)
3. │ ├─base::withVisible(eval(ei, envir))
4. │ └─base::eval(ei, envir)
5. │ └─base::eval(ei, envir)
6. └─arcgisutils::arc_item_data("9df5e769bfe8412b8de36a2e618c7672")
7. └─httr2::req_perform(...)
8. └─httr2:::handle_resp(req, resp, error_call = error_call)
9. └─httr2:::resp_failure_cnd(req, resp, error_call = error_call)
10. ├─rlang::catch_cnd(...)
11. │ ├─rlang::eval_bare(...)
12. │ ├─base::tryCatch(...)
13. │ │ └─base (local) tryCatchList(expr, classes, parentenv, handlers)
14. │ │ └─base (local) tryCatchOne(expr, names, parentenv, handlers[[1L]])
15. │ │ └─base (local) doTryCatch(return(expr), name, parentenv, handler)
16. │ └─base::force(expr)
17. └─rlang::abort(...)
Execution halted
Flavor: r-devel-linux-x86_64-debian-gcc
Version: 0.4.0
Check: HTML version of manual
Result: NOTE
Found the following HTML validation problems:
gp_job.html:174:1 (gp_job.Rd:119): Warning: <h5> anchor "Usage" already defined
gp_job.html:190:1 (gp_job.Rd:129): Warning: <h5> anchor "Usage" already defined
gp_job.html:206:1 (gp_job.Rd:139): Warning: <h5> anchor "Usage" already defined
gp_job.html:212:1 (gp_job.Rd:143): Warning: <h5> anchor "Arguments" already defined
gp_job.html:237:1 (gp_job.Rd:158): Warning: <h5> anchor "Usage" already defined
gp_job.html:243:1 (gp_job.Rd:162): Warning: <h5> anchor "Arguments" already defined
Flavor: r-devel-linux-x86_64-debian-gcc
Version: 0.4.0
Check: package dependencies
Result: NOTE
Package suggested but not available for checking: ‘arcgisbinding’
Flavors: r-oldrel-macos-arm64, r-oldrel-macos-x86_64, r-oldrel-windows-x86_64