Last updated on 2025-10-21 04:50:08 CEST.
Flavor | Version | Tinstall | Tcheck | Ttotal | Status | Flags |
---|---|---|---|---|---|---|
r-devel-linux-x86_64-debian-clang | 2.2-63 | 19.99 | 154.01 | 174.00 | OK | |
r-devel-linux-x86_64-debian-gcc | 2.2-63 | 15.09 | 112.27 | 127.36 | NOTE | |
r-devel-linux-x86_64-fedora-clang | 2.2-63 | 287.91 | OK | |||
r-devel-linux-x86_64-fedora-gcc | 2.2-63 | 304.98 | OK | |||
r-devel-windows-x86_64 | 2.2-63 | 26.00 | 202.00 | 228.00 | OK | |
r-patched-linux-x86_64 | 2.2-63 | 23.86 | 149.16 | 173.02 | OK | |
r-release-linux-x86_64 | 2.2-63 | 22.09 | 149.35 | 171.44 | OK | |
r-release-macos-arm64 | 2.2-63 | 131.00 | OK | |||
r-release-macos-x86_64 | 2.2-63 | 197.00 | OK | |||
r-release-windows-x86_64 | 2.2-63 | 25.00 | 213.00 | 238.00 | OK | |
r-oldrel-macos-arm64 | 2.2-63 | 85.00 | OK | |||
r-oldrel-macos-x86_64 | 2.2-63 | 125.00 | OK | |||
r-oldrel-windows-x86_64 | 2.2-63 | 31.00 | 241.00 | 272.00 | OK |
Version: 2.2-63
Check: HTML version of manual
Result: NOTE
Found the following HTML validation problems:
calc_logLR.html:50:1 (calc_logLR.Rd:12): Warning: missing </ul> before </div>
calc_loglik.html:50:1 (calc_loglik.Rd:12): Warning: missing </ul> before </div>
calc_null_loglik.html:47:1 (calc_null_loglik.Rd:10): Warning: missing </ul> before </div>
calc_null_vloglik.html:47:1 (calc_null_vloglik.Rd:11): Warning: missing </ul> before </div>
calc_vlogLR.html:53:1 (calc_vlogLR.Rd:12): Warning: missing </ul> before </div>
calc_vloglik.html:52:1 (calc_vloglik.Rd:12): Warning: missing </ul> before </div>
cdf_conv.html:51:1 (cdf_conv.Rd:12): Warning: missing </ul> before </div>
comp_postmean.html:51:1 (comp_postmean.Rd:12): Warning: missing </ul> before </div>
comp_postmean2.html:51:1 (comp_postmean2.Rd:12): Warning: missing </ul> before </div>
comp_postprob.html:53:1 (comp_postprob.Rd:12): Warning: missing </ul> before </div>
cxxMixSquarem.html:58:1 (cxxMixSquarem.Rd:16): Warning: missing </ul> before </div>
dens.html:51:1 (dens.Rd:13): Warning: missing </ul> before </div>
dens_conv.html:51:1 (dens_conv.Rd:12): Warning: missing </ul> before </div>
gen_etruncFUN.html:51:1 (gen_etruncFUN.Rd:12): Warning: missing </ul> before </div>
loglik_conv.html:50:1 (loglik_conv.Rd:12): Warning: missing </ul> before </div>
loglik_conv.default.html:51:1 (loglik_conv.default.Rd:12): Warning: missing </ul> before </div>
mixcdf.default.html:55:1 (mixcdf.default.Rd:14): Warning: missing </ul> before </div>
my_e2truncbeta.html:54:1 (my_e2truncbeta.Rd:14): Warning: missing </ul> before </div>
my_e2truncgamma.html:58:1 (my_e2truncgamma.Rd:16): Warning: missing </ul> before </div>
my_e2trunct.html:54:1 (my_e2trunct.Rd:14): Warning: missing </ul> before </div>
my_etruncbeta.html:54:1 (my_etruncbeta.Rd:14): Warning: missing </ul> before </div>
my_etruncgamma.html:58:1 (my_etruncgamma.Rd:16): Warning: missing </ul> before </div>
my_etrunclogf.html:54:1 (my_etrunclogf.Rd:14): Warning: missing </ul> before </div>
my_etrunct.html:54:1 (my_etrunct.Rd:14): Warning: missing </ul> before </div>
ncomp.html:47:1 (ncomp.Rd:11): Warning: missing </ul> before </div>
ncomp.default.html:48:1 (ncomp.default.Rd:11): Warning: missing </ul> before </div>
postmean.html:50:1 (postmean.Rd:12): Warning: missing </ul> before </div>
postmean2.html:51:1 (postmean2.Rd:12): Warning: missing </ul> before </div>
postsd.html:50:1 (postsd.Rd:12): Warning: missing </ul> before </div>
prune.html:50:1 (prune.Rd:12): Warning: missing </ul> before </div>
Flavor: r-devel-linux-x86_64-debian-gcc