Last updated on 2025-10-21 04:50:08 CEST.
Flavor | Version | Tinstall | Tcheck | Ttotal | Status | Flags |
---|---|---|---|---|---|---|
r-devel-linux-x86_64-debian-clang | 1.0.3 | 13.55 | 113.26 | 126.81 | OK | |
r-devel-linux-x86_64-debian-gcc | 1.0.3 | 9.19 | 77.50 | 86.69 | NOTE | |
r-devel-linux-x86_64-fedora-clang | 1.0.3 | 195.77 | OK | |||
r-devel-linux-x86_64-fedora-gcc | 1.0.3 | 187.33 | OK | |||
r-devel-windows-x86_64 | 1.0.3 | 17.00 | 113.00 | 130.00 | OK | |
r-patched-linux-x86_64 | 1.0.3 | 13.67 | 105.85 | 119.52 | OK | |
r-release-linux-x86_64 | 1.0.3 | 13.58 | 104.95 | 118.53 | OK | |
r-release-macos-arm64 | 1.0.3 | 124.00 | OK | |||
r-release-macos-x86_64 | 1.0.3 | 118.00 | OK | |||
r-release-windows-x86_64 | 1.0.3 | 16.00 | 118.00 | 134.00 | OK | |
r-oldrel-macos-arm64 | 1.0.3 | 60.00 | OK | |||
r-oldrel-macos-x86_64 | 1.0.3 | 123.00 | OK | |||
r-oldrel-windows-x86_64 | 1.0.3 | 21.00 | 147.00 | 168.00 | OK |
Version: 1.0.3
Check: top-level files
Result: NOTE
Found the following validation problem for the NEWS.Rd HTML conversion:
NEWS.html:335:1 (inst/NEWS.Rd:205): Warning: missing </ul> before </div>
NEWS.html:40:1 (inst/NEWS.Rd:32): Warning: <h4> anchor "Changes" already defined
NEWS.html:58:1 (inst/NEWS.Rd:41): Warning: <h4> anchor "Changes" already defined
NEWS.html:73:1 (inst/NEWS.Rd:49): Warning: <h4> anchor "Changes" already defined
NEWS.html:88:1 (inst/NEWS.Rd:57): Warning: <h4> anchor "Changes" already defined
NEWS.html:103:1 (inst/NEWS.Rd:67): Warning: <h4> anchor "Changes" already defined
NEWS.html:118:1 (inst/NEWS.Rd:77): Warning: <h4> anchor "Changes" already defined
NEWS.html:133:1 (inst/NEWS.Rd:88): Warning: <h4> anchor "Changes" already defined
NEWS.html:151:1 (inst/NEWS.Rd:100): Warning: <h4> anchor "Changes" already defined
NEWS.html:189:1 (inst/NEWS.Rd:118): Warning: <h4> anchor "Changes" already defined
NEWS.html:204:1 (inst/NEWS.Rd:127): Warning: <h4> anchor "Changes" already defined
NEWS.html:219:1 (inst/NEWS.Rd:137): Warning: <h4> anchor "Changes" already defined
NEWS.html:234:1 (inst/NEWS.Rd:147): Warning: <h4> anchor "Changes" already defined
NEWS.html:249:1 (inst/NEWS.Rd:157): Warning: <h4> anchor "Changes" already defined
NEWS.html:271:1 (inst/NEWS.Rd:173): Warning: <h4> anchor "Changes" already defined
NEWS.html:289:1 (inst/NEWS.Rd:186): Warning: <h4> anchor "Changes" already defined
Flavor: r-devel-linux-x86_64-debian-gcc